CRAN Package Check Results for Package forge

Last updated on 2025-11-11 15:50:34 CET.

Flavor Version Tinstall Tcheck Ttotal Status Flags
r-devel-linux-x86_64-debian-clang 0.2.0 2.32 29.74 32.06 NOTE
r-devel-linux-x86_64-debian-gcc 0.2.0 1.66 23.04 24.70 NOTE
r-devel-linux-x86_64-fedora-clang 0.2.0 47.08 OK
r-devel-linux-x86_64-fedora-gcc 0.2.0 42.54 OK
r-devel-windows-x86_64 0.2.0 3.00 44.00 47.00 OK
r-patched-linux-x86_64 0.2.0 2.38 26.63 29.01 OK
r-release-linux-x86_64 0.2.0 2.20 26.67 28.87 OK
r-release-macos-arm64 0.2.0 1.00 18.00 19.00 OK
r-release-macos-x86_64 0.2.0 2.00 26.00 28.00 OK
r-release-windows-x86_64 0.2.0 4.00 44.00 48.00 OK
r-oldrel-macos-arm64 0.2.0 1.00 17.00 18.00 NOTE
r-oldrel-macos-x86_64 0.2.0 2.00 23.00 25.00 NOTE
r-oldrel-windows-x86_64 0.2.0 5.00 53.00 58.00 NOTE

Check Details

Version: 0.2.0
Check: CRAN incoming feasibility
Result: NOTE Maintainer: ‘Kevin Kuo <kevin.kuo@rstudio.com>’ Found the following (possibly) invalid file URI: URI: .github/CODE_OF_CONDUCT.md From: README.md Flavors: r-devel-linux-x86_64-debian-clang, r-devel-linux-x86_64-debian-gcc

Version: 0.2.0
Check: LazyData
Result: NOTE 'LazyData' is specified without a 'data' directory Flavors: r-oldrel-macos-arm64, r-oldrel-macos-x86_64, r-oldrel-windows-x86_64

These binaries (installable software) and packages are in development.
They may not be fully stable and should be used with caution. We make no claims about them.