CRAN Package Check Results for Package formattable

Last updated on 2025-05-08 04:52:05 CEST.

Flavor Version Tinstall Tcheck Ttotal Status Flags
r-devel-linux-x86_64-debian-clang 0.2.1 3.16 45.33 48.49 OK
r-devel-linux-x86_64-debian-gcc 0.2.1 2.54 35.55 38.09 OK
r-devel-linux-x86_64-fedora-clang 0.2.1 73.79 OK
r-devel-linux-x86_64-fedora-gcc 0.2.1 83.80 OK
r-devel-windows-x86_64 0.2.1 5.00 75.00 80.00 OK
r-patched-linux-x86_64 0.2.1 4.16 41.18 45.34 OK
r-release-linux-x86_64 0.2.1 3.34 42.44 45.78 OK
r-release-macos-arm64 0.2.1 45.00 OK
r-release-macos-x86_64 0.2.1 57.00 OK
r-release-windows-x86_64 0.2.1 6.00 76.00 82.00 OK
r-oldrel-macos-arm64 0.2.1 32.00 NOTE
r-oldrel-macos-x86_64 0.2.1 48.00 NOTE
r-oldrel-windows-x86_64 0.2.1 8.00 80.00 88.00 NOTE

Check Details

Version: 0.2.1
Check: LazyData
Result: NOTE 'LazyData' is specified without a 'data' directory Flavors: r-oldrel-macos-arm64, r-oldrel-macos-x86_64, r-oldrel-windows-x86_64

These binaries (installable software) and packages are in development.
They may not be fully stable and should be used with caution. We make no claims about them.