Last updated on 2025-10-23 21:51:27 CEST.
Flavor | Version | Tinstall | Tcheck | Ttotal | Status | Flags |
---|---|---|---|---|---|---|
r-devel-linux-x86_64-debian-clang | 0.5.11 | 8.72 | 116.99 | 125.71 | NOTE | |
r-devel-linux-x86_64-debian-gcc | 0.5.11 | 6.02 | 74.54 | 80.56 | OK | |
r-devel-linux-x86_64-fedora-clang | 0.5.11 | 29.00 | 166.75 | 195.75 | OK | |
r-devel-linux-x86_64-fedora-gcc | 0.5.11 | 22.00 | 177.20 | 199.20 | OK | |
r-devel-windows-x86_64 | 0.5.11 | 10.00 | 127.00 | 137.00 | OK | |
r-patched-linux-x86_64 | 0.5.11 | 8.76 | 108.94 | 117.70 | OK | |
r-release-linux-x86_64 | 0.5.11 | 8.59 | 107.82 | 116.41 | OK | |
r-release-macos-arm64 | 0.5.11 | 8.00 | 53.00 | 61.00 | OK | |
r-release-macos-x86_64 | 0.5.11 | 8.00 | 104.00 | 112.00 | OK | |
r-release-windows-x86_64 | 0.5.11 | 12.00 | 126.00 | 138.00 | OK | |
r-oldrel-macos-arm64 | 0.5.11 | 5.00 | 54.00 | 59.00 | OK | |
r-oldrel-macos-x86_64 | 0.5.11 | 7.00 | 113.00 | 120.00 | OK | |
r-oldrel-windows-x86_64 | 0.5.11 | 16.00 | 164.00 | 180.00 | OK |
Version: 0.5.11
Check: HTML version of manual
Result: NOTE
Found the following HTML validation problems:
basemethods.html:51:1 (basemethods.Rd:12): Warning: missing </ul> before </div>
Flavor: r-devel-linux-x86_64-debian-clang
These binaries (installable software) and packages are in development.
They may not be fully stable and should be used with caution. We make no claims about them.