CRAN Package Check Results for Package formula.tools

Last updated on 2025-05-01 12:49:28 CEST.

Flavor Version Tinstall Tcheck Ttotal Status Flags
r-devel-linux-x86_64-debian-clang 1.7.1 3.08 27.04 30.12 OK
r-devel-linux-x86_64-debian-gcc 1.7.1 2.24 22.27 24.51 OK
r-devel-linux-x86_64-fedora-clang 1.7.1 44.09 OK
r-devel-linux-x86_64-fedora-gcc 1.7.1 42.32 OK
r-devel-windows-x86_64 1.7.1 4.00 50.00 54.00 OK
r-patched-linux-x86_64 1.7.1 3.43 24.43 27.86 OK
r-release-linux-x86_64 OK
r-release-macos-arm64 1.7.1 23.00 OK
r-release-macos-x86_64 1.7.1 31.00 OK
r-release-windows-x86_64 1.7.1 5.00 55.00 60.00 OK
r-oldrel-macos-arm64 1.7.1 18.00 NOTE
r-oldrel-macos-x86_64 1.7.1 28.00 NOTE
r-oldrel-windows-x86_64 1.7.1 5.00 51.00 56.00 NOTE

Check Details

Version: 1.7.1
Check: LazyData
Result: NOTE 'LazyData' is specified without a 'data' directory Flavors: r-oldrel-macos-arm64, r-oldrel-macos-x86_64, r-oldrel-windows-x86_64

These binaries (installable software) and packages are in development.
They may not be fully stable and should be used with caution. We make no claims about them.