Last updated on 2025-02-16 10:50:46 CET.
Flavor | Version | Tinstall | Tcheck | Ttotal | Status | Flags |
---|---|---|---|---|---|---|
r-devel-linux-x86_64-debian-clang | 0.1.3 | 1.58 | 29.12 | 30.70 | OK | |
r-devel-linux-x86_64-debian-gcc | 0.1.3 | 1.31 | 22.48 | 23.79 | OK | |
r-devel-linux-x86_64-fedora-clang | 0.1.3 | 52.18 | OK | |||
r-devel-linux-x86_64-fedora-gcc | 0.1.3 | 66.15 | OK | |||
r-devel-macos-arm64 | 0.1.3 | 23.00 | OK | |||
r-devel-macos-x86_64 | 0.1.3 | 46.00 | ERROR | |||
r-devel-windows-x86_64 | 0.1.3 | 2.00 | 50.00 | 52.00 | OK | |
r-patched-linux-x86_64 | 0.1.3 | 1.79 | 28.14 | 29.93 | OK | |
r-release-linux-x86_64 | 0.1.3 | 1.40 | 27.72 | 29.12 | OK | |
r-release-macos-arm64 | 0.1.3 | 25.00 | OK | |||
r-release-macos-x86_64 | 0.1.3 | 39.00 | OK | |||
r-release-windows-x86_64 | 0.1.3 | 2.00 | 50.00 | 52.00 | OK | |
r-oldrel-macos-arm64 | 0.1.3 | 28.00 | OK | |||
r-oldrel-macos-x86_64 | 0.1.3 | 37.00 | OK | |||
r-oldrel-windows-x86_64 | 0.1.3 | 2.00 | 72.00 | 74.00 | OK |
Version: 0.1.3
Check: re-building of vignette outputs
Result: ERROR
Error(s) in re-building vignettes:
--- re-building ‘Overview.Rmd’ using rmarkdown
Quitting from lines 25-33 [unnamed-chunk-1] (Overview.Rmd)
Error: processing vignette 'Overview.Rmd' failed with diagnostics:
there is no package called 'FactoMineR'
--- failed re-building ‘Overview.Rmd’
SUMMARY: processing the following file failed:
‘Overview.Rmd’
Error: Vignette re-building failed.
Execution halted
Flavor: r-devel-macos-x86_64
These binaries (installable software) and packages are in development.
They may not be fully stable and should be used with caution. We make no claims about them.