Last updated on 2025-05-01 15:49:31 CEST.
Flavor | Version | Tinstall | Tcheck | Ttotal | Status | Flags |
---|---|---|---|---|---|---|
r-devel-linux-x86_64-debian-clang | 1.0.5 | 14.78 | 423.39 | 438.17 | NOTE | |
r-devel-linux-x86_64-debian-gcc | 1.0.5 | 10.21 | 285.31 | 295.52 | OK | |
r-devel-linux-x86_64-fedora-clang | 1.0.5 | 650.63 | OK | |||
r-devel-linux-x86_64-fedora-gcc | 1.0.5 | 646.38 | OK | |||
r-devel-windows-x86_64 | 1.0.5 | 14.00 | 396.00 | 410.00 | OK | |
r-patched-linux-x86_64 | 1.0.5 | 13.97 | 403.34 | 417.31 | OK | |
r-release-linux-x86_64 | OK | |||||
r-release-macos-arm64 | 1.0.5 | 203.00 | OK | |||
r-release-macos-x86_64 | 1.0.5 | 450.00 | OK | |||
r-release-windows-x86_64 | 1.0.5 | 15.00 | 403.00 | 418.00 | OK | |
r-oldrel-macos-arm64 | 1.0.5 | 192.00 | OK | |||
r-oldrel-macos-x86_64 | 1.0.5 | 534.00 | OK | |||
r-oldrel-windows-x86_64 | 1.0.5 | 18.00 | 508.00 | 526.00 | OK |
Version: 1.0.5
Check: examples
Result: NOTE
Examples with CPU (user + system) or elapsed time > 5s
user system elapsed
spell_check 5.855 0.318 3.123
revise_ranges 6.087 0.004 8.841
add_itp 4.913 0.145 5.589
Flavor: r-devel-linux-x86_64-debian-clang
Version: 1.0.5
Check: examples
Result: NA
user system elapsed
spell_check 6.184 0.037 3.362
OK
Flavor: r-devel-linux-x86_64-debian-gcc
These binaries (installable software) and packages are in development.
They may not be fully stable and should be used with caution. We make no claims about them.