CRAN Package Check Results for Package fourPNO

Last updated on 2025-07-22 07:49:39 CEST.

Flavor Version Tinstall Tcheck Ttotal Status Flags
r-devel-linux-x86_64-debian-clang 1.1.0 22.24 26.33 48.57 NOTE
r-devel-linux-x86_64-debian-gcc 1.1.0 18.10 20.88 38.98 NOTE
r-devel-linux-x86_64-fedora-clang 1.1.0 85.85 NOTE
r-devel-linux-x86_64-fedora-gcc 1.1.0 82.11 NOTE
r-devel-windows-x86_64 1.1.0 28.00 64.00 92.00 NOTE
r-patched-linux-x86_64 1.1.0 24.98 23.39 48.37 NOTE
r-release-linux-x86_64 1.1.0 25.47 23.37 48.84 NOTE
r-release-macos-arm64 1.1.0 29.00 NOTE
r-release-macos-x86_64 1.1.0 42.00 NOTE
r-release-windows-x86_64 1.1.0 28.00 67.00 95.00 NOTE
r-oldrel-macos-arm64 1.1.0 26.00 NOTE
r-oldrel-macos-x86_64 1.1.0 39.00 NOTE
r-oldrel-windows-x86_64 1.1.0 34.00 76.00 110.00 NOTE

Check Details

Version: 1.1.0
Check: CRAN incoming feasibility
Result: NOTE Maintainer: ‘Steven Andrew Culpepper <sculpepp@illinois.edu>’ Package CITATION file contains call(s) to old-style personList() or as.personList(). Please use c() on person objects instead. Package CITATION file contains call(s) to old-style citEntry(). Please use bibentry() instead. Flavors: r-devel-linux-x86_64-debian-clang, r-devel-linux-x86_64-debian-gcc

Version: 1.1.0
Check: C++ specification
Result: NOTE Specified C++11: please drop specification unless essential Flavors: r-devel-linux-x86_64-debian-clang, r-devel-linux-x86_64-debian-gcc, r-devel-linux-x86_64-fedora-clang, r-devel-linux-x86_64-fedora-gcc, r-devel-windows-x86_64, r-patched-linux-x86_64, r-release-linux-x86_64, r-release-macos-arm64, r-release-macos-x86_64, r-release-windows-x86_64, r-oldrel-macos-arm64, r-oldrel-macos-x86_64, r-oldrel-windows-x86_64

These binaries (installable software) and packages are in development.
They may not be fully stable and should be used with caution. We make no claims about them.