CRAN Package Check Results for Package fourierin

Last updated on 2025-05-08 04:52:05 CEST.

Flavor Version Tinstall Tcheck Ttotal Status Flags
r-devel-linux-x86_64-debian-clang 0.2.5 49.05 68.25 117.30 NOTE
r-devel-linux-x86_64-debian-gcc 0.2.5 35.94 45.87 81.81 NOTE
r-devel-linux-x86_64-fedora-clang 0.2.5 214.15 OK
r-devel-linux-x86_64-fedora-gcc 0.2.5 216.39 OK
r-devel-windows-x86_64 0.2.5 61.00 102.00 163.00 OK
r-patched-linux-x86_64 0.2.5 49.29 57.05 106.34 OK
r-release-linux-x86_64 0.2.5 47.37 57.27 104.64 OK
r-release-macos-arm64 0.2.5 54.00 OK
r-release-macos-x86_64 0.2.5 79.00 OK
r-release-windows-x86_64 0.2.5 61.00 102.00 163.00 OK
r-oldrel-macos-arm64 0.2.5 51.00 OK
r-oldrel-macos-x86_64 0.2.5 65.00 OK
r-oldrel-windows-x86_64 0.2.5 69.00 124.00 193.00 OK

Check Details

Version: 0.2.5
Check: CRAN incoming feasibility
Result: NOTE Maintainer: ‘Guillermo Basulto-Elias <guillermobasulto@gmail.com>’ No Authors@R field in DESCRIPTION. Please add one, modifying Authors@R: person(given = "Guillermo", family = "Basulto-Elias", role = c("aut", "cre"), email = "guillermobasulto@gmail.com") as necessary. Flavors: r-devel-linux-x86_64-debian-clang, r-devel-linux-x86_64-debian-gcc

These binaries (installable software) and packages are in development.
They may not be fully stable and should be used with caution. We make no claims about them.