Last updated on 2025-10-24 17:50:41 CEST.
| Flavor | Version | Tinstall | Tcheck | Ttotal | Status | Flags |
|---|---|---|---|---|---|---|
| r-devel-linux-x86_64-debian-clang | 0.2.5 | 51.23 | 71.51 | 122.74 | NOTE | |
| r-devel-linux-x86_64-debian-gcc | 0.2.5 | 29.89 | 48.64 | 78.53 | NOTE | |
| r-devel-linux-x86_64-fedora-clang | 0.2.5 | 125.00 | 99.50 | 224.50 | OK | |
| r-devel-linux-x86_64-fedora-gcc | 0.2.5 | 85.00 | 113.16 | 198.16 | OK | |
| r-devel-windows-x86_64 | 0.2.5 | 60.00 | 101.00 | 161.00 | OK | |
| r-patched-linux-x86_64 | 0.2.5 | 51.45 | 61.31 | 112.76 | OK | |
| r-release-linux-x86_64 | 0.2.5 | 47.90 | 60.94 | 108.84 | OK | |
| r-release-macos-arm64 | 0.2.5 | 18.00 | 36.00 | 54.00 | OK | |
| r-release-macos-x86_64 | 0.2.5 | 16.00 | 63.00 | 79.00 | OK | |
| r-release-windows-x86_64 | 0.2.5 | 59.00 | 99.00 | 158.00 | OK | |
| r-oldrel-macos-arm64 | 0.2.5 | 19.00 | 32.00 | 51.00 | OK | |
| r-oldrel-macos-x86_64 | 0.2.5 | 15.00 | 50.00 | 65.00 | OK | |
| r-oldrel-windows-x86_64 | 0.2.5 | 70.00 | 125.00 | 195.00 | OK |
Version: 0.2.5
Check: CRAN incoming feasibility
Result: NOTE
Maintainer: ‘Guillermo Basulto-Elias <guillermobasulto@gmail.com>’
No Authors@R field in DESCRIPTION.
Please add one, modifying
Authors@R: person(given = "Guillermo",
family = "Basulto-Elias",
role = c("aut", "cre"),
email = "guillermobasulto@gmail.com")
as necessary.
Flavors: r-devel-linux-x86_64-debian-clang, r-devel-linux-x86_64-debian-gcc
These binaries (installable software) and packages are in development.
They may not be fully stable and should be used with caution. We make no claims about them.