Last updated on 2025-05-08 04:52:05 CEST.
Flavor | Version | Tinstall | Tcheck | Ttotal | Status | Flags |
---|---|---|---|---|---|---|
r-devel-linux-x86_64-debian-clang | 2.2-13 | 16.38 | 131.20 | 147.58 | OK | |
r-devel-linux-x86_64-debian-gcc | 2.2-13 | 9.99 | 84.62 | 94.61 | OK | |
r-devel-linux-x86_64-fedora-clang | 2.2-13 | 225.13 | OK | |||
r-devel-linux-x86_64-fedora-gcc | 2.2-13 | 215.15 | OK | |||
r-devel-windows-x86_64 | 2.2-13 | 15.00 | 157.00 | 172.00 | OK | |
r-patched-linux-x86_64 | 2.2-13 | 17.61 | 122.63 | 140.24 | OK | |
r-release-linux-x86_64 | 2.2-13 | 15.74 | 122.17 | 137.91 | OK | |
r-release-macos-arm64 | 2.2-13 | 60.00 | NOTE | |||
r-release-macos-x86_64 | 2.2-13 | 138.00 | OK | |||
r-release-windows-x86_64 | 2.2-13 | 16.00 | 156.00 | 172.00 | OK | |
r-oldrel-macos-arm64 | 2.2-13 | 55.00 | OK | |||
r-oldrel-macos-x86_64 | 2.2-13 | 118.00 | OK | |||
r-oldrel-windows-x86_64 | 2.2-13 | 23.00 | 192.00 | 215.00 | OK |
Version: 2.2-13
Check: tests
Result: NOTE
Running ‘fpctests_notallin.R’ [3s/3s]
Comparing ‘fpctests_notallin.Rout’ to ‘fpctests_notallin.Rout.save’ ...24,26c24,26
< [1,] -0.215 -0.3389 -0.51886
< [2,] 0.370 0.0144 -0.00893
< [3,] -0.111 0.7914 -0.23574
---
> [1,] 0.215 -0.3389 -0.51886
> [2,] -0.370 0.0144 -0.00893
> [3,] 0.111 0.7914 -0.23574
Flavor: r-release-macos-arm64
These binaries (installable software) and packages are in development.
They may not be fully stable and should be used with caution. We make no claims about them.