Last updated on 2025-10-09 17:50:38 CEST.
Flavor | Version | Tinstall | Tcheck | Ttotal | Status | Flags |
---|---|---|---|---|---|---|
r-devel-linux-x86_64-debian-clang | 0.1.1 | 1.56 | 17.29 | 18.85 | NOTE | |
r-devel-linux-x86_64-debian-gcc | 0.1.1 | 1.28 | 14.31 | 15.59 | NOTE | |
r-devel-linux-x86_64-fedora-clang | 0.1.1 | 28.32 | OK | |||
r-devel-linux-x86_64-fedora-gcc | 0.1.1 | 25.85 | OK | |||
r-devel-windows-x86_64 | 0.1.1 | 2.00 | 33.00 | 35.00 | OK | |
r-patched-linux-x86_64 | 0.1.1 | 1.49 | 16.32 | 17.81 | OK | |
r-release-linux-x86_64 | 0.1.1 | 1.57 | 16.29 | 17.86 | OK | |
r-release-macos-arm64 | 0.1.1 | 14.00 | OK | |||
r-release-macos-x86_64 | 0.1.1 | 22.00 | OK | |||
r-release-windows-x86_64 | 0.1.1 | 3.00 | 37.00 | 40.00 | OK | |
r-oldrel-macos-arm64 | 0.1.1 | 14.00 | NOTE | |||
r-oldrel-macos-x86_64 | 0.1.1 | 21.00 | NOTE | |||
r-oldrel-windows-x86_64 | 0.1.1 | 3.00 | 33.00 | 36.00 | NOTE |
Version: 0.1.1
Check: CRAN incoming feasibility
Result: NOTE
Maintainer: ‘S.Sampath <sampath1959@gmail.com>’
No Authors@R field in DESCRIPTION.
Please add one, modifying
Authors@R: person(family = "S.Sampath",
role = c("aut", "cre"),
email = "sampath1959@gmail.com")
as necessary.
Flavors: r-devel-linux-x86_64-debian-clang, r-devel-linux-x86_64-debian-gcc
Version: 0.1.1
Check: LazyData
Result: NOTE
'LazyData' is specified without a 'data' directory
Flavors: r-oldrel-macos-arm64, r-oldrel-macos-x86_64, r-oldrel-windows-x86_64
These binaries (installable software) and packages are in development.
They may not be fully stable and should be used with caution. We make no claims about them.