CRAN Package Check Results for Package fpest

Last updated on 2025-02-16 10:50:46 CET.

Flavor Version Tinstall Tcheck Ttotal Status Flags
r-devel-linux-x86_64-debian-clang 0.1.1 1.31 15.13 16.44 OK
r-devel-linux-x86_64-debian-gcc 0.1.1 1.28 12.45 13.73 OK
r-devel-linux-x86_64-fedora-clang 0.1.1 27.45 OK
r-devel-linux-x86_64-fedora-gcc 0.1.1 26.35 OK
r-devel-macos-arm64 0.1.1 11.00 OK
r-devel-macos-x86_64 0.1.1 21.00 OK
r-devel-windows-x86_64 0.1.1 2.00 33.00 35.00 OK
r-patched-linux-x86_64 0.1.1 1.48 14.55 16.03 NOTE
r-release-linux-x86_64 0.1.1 1.42 14.86 16.28 NOTE
r-release-macos-arm64 0.1.1 14.00 NOTE
r-release-macos-x86_64 0.1.1 21.00 NOTE
r-release-windows-x86_64 0.1.1 3.00 33.00 36.00 NOTE
r-oldrel-macos-arm64 0.1.1 14.00 NOTE
r-oldrel-macos-x86_64 0.1.1 17.00 NOTE
r-oldrel-windows-x86_64 0.1.1 4.00 37.00 41.00 NOTE

Check Details

Version: 0.1.1
Check: LazyData
Result: NOTE 'LazyData' is specified without a 'data' directory Flavors: r-patched-linux-x86_64, r-release-linux-x86_64, r-release-macos-arm64, r-release-macos-x86_64, r-release-windows-x86_64, r-oldrel-macos-arm64, r-oldrel-macos-x86_64, r-oldrel-windows-x86_64

These binaries (installable software) and packages are in development.
They may not be fully stable and should be used with caution. We make no claims about them.