Last updated on 2024-07-27 15:50:18 CEST.
Flavor | Version | Tinstall | Tcheck | Ttotal | Status | Flags |
---|---|---|---|---|---|---|
r-devel-linux-x86_64-debian-clang | 1.1.0 | 37.77 | 69.03 | 106.80 | NOTE | |
r-devel-linux-x86_64-debian-gcc | 1.1.0 | NOTE | ||||
r-devel-linux-x86_64-fedora-clang | 1.1.0 | 158.48 | NOTE | |||
r-devel-linux-x86_64-fedora-gcc | 1.1.0 | 130.60 | NOTE | |||
r-devel-windows-x86_64 | 1.1.0 | 26.00 | 86.00 | 112.00 | NOTE | |
r-patched-linux-x86_64 | 1.1.0 | NOTE | ||||
r-release-linux-x86_64 | 1.1.0 | 24.63 | 66.39 | 91.02 | NOTE | |
r-release-macos-arm64 | 1.1.0 | 41.00 | NOTE | |||
r-release-macos-x86_64 | 1.1.0 | 61.00 | NOTE | |||
r-release-windows-x86_64 | 1.1.0 | 31.00 | 87.00 | 118.00 | NOTE | |
r-oldrel-macos-arm64 | 1.1.0 | 43.00 | OK | |||
r-oldrel-macos-x86_64 | 1.1.0 | 114.00 | OK | |||
r-oldrel-windows-x86_64 | 1.1.0 | 32.00 | 103.00 | 135.00 | OK |
Version: 1.1.0
Check: Rd files
Result: NOTE
checkRd: (-1) plot_lines.Rd:66: Lost braces
66 | moderator. By default it is equal to \8code{c(19, 17, 15, 8, 5, 4, 3, 1)}.}
| ^
Flavors: r-devel-linux-x86_64-debian-clang, r-devel-linux-x86_64-debian-gcc, r-devel-linux-x86_64-fedora-clang, r-devel-linux-x86_64-fedora-gcc, r-devel-windows-x86_64, r-patched-linux-x86_64, r-release-linux-x86_64, r-release-macos-arm64, r-release-macos-x86_64, r-release-windows-x86_64
These binaries (installable software) and packages are in development.
They may not be fully stable and should be used with caution. We make no claims about them.