CRAN Package Check Results for Package fplot

Last updated on 2025-10-03 05:53:32 CEST.

Flavor Version Tinstall Tcheck Ttotal Status Flags
r-devel-linux-x86_64-debian-clang 1.1.0 26.43 56.00 82.43 NOTE
r-devel-linux-x86_64-debian-gcc 1.1.0 12.57 39.59 52.16 NOTE
r-devel-linux-x86_64-fedora-clang 1.1.0 127.61 NOTE
r-devel-linux-x86_64-fedora-gcc 1.1.0 129.02 NOTE
r-devel-windows-x86_64 1.1.0 25.00 86.00 111.00 NOTE
r-patched-linux-x86_64 1.1.0 21.04 52.40 73.44 NOTE
r-release-linux-x86_64 1.1.0 20.76 53.27 74.03 NOTE
r-release-macos-arm64 1.1.0 51.00 NOTE
r-release-macos-x86_64 1.1.0 77.00 NOTE
r-release-windows-x86_64 1.1.0 25.00 85.00 110.00 NOTE
r-oldrel-macos-arm64 1.1.0 41.00 NOTE
r-oldrel-macos-x86_64 1.1.0 61.00 NOTE
r-oldrel-windows-x86_64 1.1.0 33.00 106.00 139.00 NOTE

Check Details

Version: 1.1.0
Check: Rd files
Result: NOTE checkRd: (-1) plot_lines.Rd:66: Lost braces 66 | moderator. By default it is equal to \8code{c(19, 17, 15, 8, 5, 4, 3, 1)}.} | ^ Flavors: r-devel-linux-x86_64-debian-clang, r-devel-linux-x86_64-debian-gcc, r-devel-linux-x86_64-fedora-clang, r-devel-linux-x86_64-fedora-gcc, r-devel-windows-x86_64, r-patched-linux-x86_64, r-release-linux-x86_64, r-release-macos-arm64, r-release-macos-x86_64, r-release-windows-x86_64, r-oldrel-macos-arm64, r-oldrel-macos-x86_64, r-oldrel-windows-x86_64

These binaries (installable software) and packages are in development.
They may not be fully stable and should be used with caution. We make no claims about them.