Last updated on 2025-07-22 13:49:13 CEST.
Flavor | Version | Tinstall | Tcheck | Ttotal | Status | Flags |
---|---|---|---|---|---|---|
r-devel-linux-x86_64-debian-clang | 1.1.0 | 23.88 | 54.36 | 78.24 | NOTE | |
r-devel-linux-x86_64-debian-gcc | 1.1.0 | 14.75 | 38.62 | 53.37 | NOTE | |
r-devel-linux-x86_64-fedora-clang | 1.1.0 | 130.70 | NOTE | |||
r-devel-linux-x86_64-fedora-gcc | 1.1.0 | 127.60 | NOTE | |||
r-devel-windows-x86_64 | 1.1.0 | 24.00 | 81.00 | 105.00 | NOTE | |
r-patched-linux-x86_64 | 1.1.0 | 21.24 | 50.41 | 71.65 | NOTE | |
r-release-linux-x86_64 | 1.1.0 | 20.23 | 50.52 | 70.75 | NOTE | |
r-release-macos-arm64 | 1.1.0 | 51.00 | NOTE | |||
r-release-macos-x86_64 | 1.1.0 | 77.00 | NOTE | |||
r-release-windows-x86_64 | 1.1.0 | 25.00 | 88.00 | 113.00 | NOTE | |
r-oldrel-macos-arm64 | 1.1.0 | 41.00 | NOTE | |||
r-oldrel-macos-x86_64 | 1.1.0 | 61.00 | NOTE | |||
r-oldrel-windows-x86_64 | 1.1.0 | 32.00 | 105.00 | 137.00 | NOTE |
Version: 1.1.0
Check: Rd files
Result: NOTE
checkRd: (-1) plot_lines.Rd:66: Lost braces
66 | moderator. By default it is equal to \8code{c(19, 17, 15, 8, 5, 4, 3, 1)}.}
| ^
Flavors: r-devel-linux-x86_64-debian-clang, r-devel-linux-x86_64-debian-gcc, r-devel-linux-x86_64-fedora-clang, r-devel-linux-x86_64-fedora-gcc, r-devel-windows-x86_64, r-patched-linux-x86_64, r-release-linux-x86_64, r-release-macos-arm64, r-release-macos-x86_64, r-release-windows-x86_64, r-oldrel-macos-arm64, r-oldrel-macos-x86_64, r-oldrel-windows-x86_64
These binaries (installable software) and packages are in development.
They may not be fully stable and should be used with caution. We make no claims about them.