Last updated on 2025-02-16 10:50:46 CET.
Flavor | Version | Tinstall | Tcheck | Ttotal | Status | Flags |
---|---|---|---|---|---|---|
r-devel-linux-x86_64-debian-clang | 2019.08.26 | 8.13 | 16.45 | 24.58 | NOTE | |
r-devel-linux-x86_64-debian-gcc | 2019.08.26 | 5.57 | 14.11 | 19.68 | NOTE | |
r-devel-linux-x86_64-fedora-clang | 2019.08.26 | 53.39 | NOTE | |||
r-devel-linux-x86_64-fedora-gcc | 2019.08.26 | 41.48 | NOTE | |||
r-devel-macos-arm64 | 2019.08.26 | 15.00 | NOTE | |||
r-devel-macos-x86_64 | 2019.08.26 | 26.00 | NOTE | |||
r-devel-windows-x86_64 | 2019.08.26 | 11.00 | 44.00 | 55.00 | NOTE | |
r-patched-linux-x86_64 | 2019.08.26 | 7.40 | 15.71 | 23.11 | NOTE | |
r-release-linux-x86_64 | 2019.08.26 | 7.08 | 15.78 | 22.86 | NOTE | |
r-release-macos-arm64 | 2019.08.26 | 17.00 | NOTE | |||
r-release-macos-x86_64 | 2019.08.26 | 22.00 | NOTE | |||
r-release-windows-x86_64 | 2019.08.26 | 13.00 | 39.00 | 52.00 | NOTE | |
r-oldrel-macos-arm64 | 2019.08.26 | 19.00 | OK | |||
r-oldrel-macos-x86_64 | 2019.08.26 | 26.00 | OK | |||
r-oldrel-windows-x86_64 | 2019.08.26 | 13.00 | 57.00 | 70.00 | OK |
Version: 2019.08.26
Check: Rd files
Result: NOTE
checkRd: (-1) Fpop.Rd:8: Lost braces; missing escapes or markup?
8 | sum_{i=1}^n (x_i-m_i)^2 + lambda * sum_{i=1}^{n-1} I(m_i !=
| ^
checkRd: (-1) Fpop.Rd:8: Lost braces; missing escapes or markup?
8 | sum_{i=1}^n (x_i-m_i)^2 + lambda * sum_{i=1}^{n-1} I(m_i !=
| ^
checkRd: (-1) Fpop.Rd:8: Lost braces; missing escapes or markup?
8 | sum_{i=1}^n (x_i-m_i)^2 + lambda * sum_{i=1}^{n-1} I(m_i !=
| ^
checkRd: (-1) Fpop.Rd:9: Lost braces; missing escapes or markup?
9 | m_{i+1}), where the indicator function I counts the number of
| ^
Flavors: r-devel-linux-x86_64-debian-clang, r-devel-linux-x86_64-debian-gcc, r-devel-linux-x86_64-fedora-clang, r-devel-linux-x86_64-fedora-gcc, r-devel-macos-arm64, r-devel-macos-x86_64, r-devel-windows-x86_64, r-patched-linux-x86_64, r-release-linux-x86_64, r-release-macos-arm64, r-release-macos-x86_64, r-release-windows-x86_64
These binaries (installable software) and packages are in development.
They may not be fully stable and should be used with caution. We make no claims about them.