Last updated on 2025-05-01 15:49:31 CEST.
Flavor | Version | Tinstall | Tcheck | Ttotal | Status | Flags |
---|---|---|---|---|---|---|
r-devel-linux-x86_64-debian-clang | 1.1 | 6.55 | 20.24 | 26.79 | NOTE | |
r-devel-linux-x86_64-debian-gcc | 1.1 | 4.61 | 16.24 | 20.85 | NOTE | |
r-devel-linux-x86_64-fedora-clang | 1.1 | 48.71 | OK | |||
r-devel-linux-x86_64-fedora-gcc | 1.1 | 39.73 | OK | |||
r-devel-windows-x86_64 | 1.1 | 10.00 | 43.00 | 53.00 | OK | |
r-patched-linux-x86_64 | 1.1 | 6.45 | 19.00 | 25.45 | OK | |
r-release-linux-x86_64 | OK | |||||
r-release-macos-arm64 | 1.1 | 18.00 | OK | |||
r-release-macos-x86_64 | 1.1 | 28.00 | OK | |||
r-release-windows-x86_64 | 1.1 | 11.00 | 48.00 | 59.00 | OK | |
r-oldrel-macos-arm64 | 1.1 | 18.00 | OK | |||
r-oldrel-macos-x86_64 | 1.1 | 25.00 | OK | |||
r-oldrel-windows-x86_64 | 1.1 | 11.00 | 41.00 | 52.00 | OK |
Version: 1.1
Check: CRAN incoming feasibility
Result: NOTE
Maintainer: ‘Guillem Rigaill <guillem.rigaill@inrae.fr>’
The Description field contains
<arXiv:1004.0887> algorithm for detecting multiple changepoints in the
Please refer to arXiv e-prints via their arXiv DOI <doi:10.48550/arXiv.YYMM.NNNNN>.
Flavors: r-devel-linux-x86_64-debian-clang, r-devel-linux-x86_64-debian-gcc
These binaries (installable software) and packages are in development.
They may not be fully stable and should be used with caution. We make no claims about them.