CRAN Package Check Results for Package fr

Last updated on 2025-11-11 15:50:34 CET.

Flavor Version Tinstall Tcheck Ttotal Status Flags
r-devel-linux-x86_64-debian-clang 0.5.2 2.69 47.11 49.80 NOTE
r-devel-linux-x86_64-debian-gcc 0.5.2 2.25 37.80 40.05 NOTE
r-devel-linux-x86_64-fedora-clang 0.5.2 12.00 67.33 79.33 NOTE
r-devel-linux-x86_64-fedora-gcc 0.5.2 84.97 NOTE
r-devel-windows-x86_64 0.5.2 5.00 61.00 66.00 NOTE
r-patched-linux-x86_64 0.5.2 2.47 44.50 46.97 NOTE
r-release-linux-x86_64 0.5.2 2.30 44.61 46.91 NOTE
r-release-macos-arm64 0.5.2 2.00 56.00 58.00 NOTE
r-release-macos-x86_64 0.5.2 2.00 55.00 57.00 NOTE
r-release-windows-x86_64 0.5.2 6.00 59.00 65.00 NOTE
r-oldrel-macos-arm64 0.5.2 2.00 34.00 36.00 OK
r-oldrel-macos-x86_64 0.5.2 3.00 49.00 52.00 OK
r-oldrel-windows-x86_64 0.5.2 5.00 71.00 76.00 OK

Check Details

Version: 0.5.2
Check: DESCRIPTION meta-information
Result: NOTE Missing dependency on R >= 4.1.0 because package code uses the pipe |> or function shorthand \(...) syntax added in R 4.1.0. File(s) using such syntax: ‘as_data_frame.Rd’ ‘as_list.Rd’ ‘dplyr_methods.Rd’ ‘fr_schema.R’ ‘fr_tdr.R’ ‘read_fr_tdr.R’ ‘update_field.R’ ‘update_field.Rd’ Flavors: r-devel-linux-x86_64-debian-clang, r-devel-linux-x86_64-debian-gcc, r-devel-linux-x86_64-fedora-clang, r-devel-linux-x86_64-fedora-gcc, r-devel-windows-x86_64, r-patched-linux-x86_64, r-release-linux-x86_64, r-release-macos-arm64, r-release-macos-x86_64, r-release-windows-x86_64

These binaries (installable software) and packages are in development.
They may not be fully stable and should be used with caution. We make no claims about them.