CRAN Package Check Results for Package fr

Last updated on 2025-07-27 07:49:33 CEST.

Flavor Version Tinstall Tcheck Ttotal Status Flags
r-devel-linux-x86_64-debian-clang 0.5.2 2.19 46.17 48.36 NOTE
r-devel-linux-x86_64-debian-gcc 0.5.2 1.93 35.23 37.16 NOTE
r-devel-linux-x86_64-fedora-clang 0.5.2 77.55 NOTE
r-devel-linux-x86_64-fedora-gcc 0.5.2 83.83 NOTE
r-devel-windows-x86_64 0.5.2 5.00 72.00 77.00 NOTE
r-patched-linux-x86_64 0.5.2 2.47 43.26 45.73 NOTE
r-release-linux-x86_64 0.5.2 2.62 42.58 45.20 NOTE
r-release-macos-arm64 0.5.2 58.00 NOTE
r-release-macos-x86_64 0.5.2 57.00 NOTE
r-release-windows-x86_64 0.5.2 5.00 63.00 68.00 NOTE
r-oldrel-macos-arm64 0.5.2 36.00 OK
r-oldrel-macos-x86_64 0.5.2 52.00 OK
r-oldrel-windows-x86_64 0.5.2 5.00 72.00 77.00 OK

Check Details

Version: 0.5.2
Check: DESCRIPTION meta-information
Result: NOTE Missing dependency on R >= 4.1.0 because package code uses the pipe |> or function shorthand \(...) syntax added in R 4.1.0. File(s) using such syntax: ‘as_data_frame.Rd’ ‘as_list.Rd’ ‘dplyr_methods.Rd’ ‘fr_schema.R’ ‘fr_tdr.R’ ‘read_fr_tdr.R’ ‘update_field.R’ ‘update_field.Rd’ Flavors: r-devel-linux-x86_64-debian-clang, r-devel-linux-x86_64-debian-gcc, r-devel-linux-x86_64-fedora-clang, r-devel-linux-x86_64-fedora-gcc, r-devel-windows-x86_64, r-patched-linux-x86_64, r-release-linux-x86_64, r-release-macos-arm64, r-release-macos-x86_64, r-release-windows-x86_64

These binaries (installable software) and packages are in development.
They may not be fully stable and should be used with caution. We make no claims about them.