CRAN Package Check Results for Package frab

Last updated on 2025-07-17 11:50:33 CEST.

Flavor Version Tinstall Tcheck Ttotal Status Flags
r-devel-linux-x86_64-debian-clang 0.0-6 29.11 126.59 155.70 NOTE
r-devel-linux-x86_64-debian-gcc 0.0-6 19.75 88.23 107.98 NOTE
r-devel-linux-x86_64-fedora-clang 0.0-6 242.38 OK
r-devel-linux-x86_64-fedora-gcc 0.0-6 255.95 OK
r-devel-windows-x86_64 0.0-6 32.00 147.00 179.00 OK
r-patched-linux-x86_64 0.0-6 29.36 119.45 148.81 OK
r-release-linux-x86_64 0.0-6 28.28 117.75 146.03 OK
r-release-macos-arm64 0.0-6 77.00 OK
r-release-macos-x86_64 0.0-6 137.00 OK
r-release-windows-x86_64 0.0-6 34.00 149.00 183.00 OK
r-oldrel-macos-arm64 0.0-6 73.00 OK
r-oldrel-macos-x86_64 0.0-6 247.00 OK
r-oldrel-windows-x86_64 0.0-6 40.00 192.00 232.00 OK

Check Details

Version: 0.0-6
Check: CRAN incoming feasibility
Result: NOTE Maintainer: ‘Robin K. S. Hankin <hankin.robin@gmail.com>’ The BugReports field in DESCRIPTION has https://github.com/RobinHankin/frab which should likely be https://github.com/RobinHankin/frab/issues instead. Flavors: r-devel-linux-x86_64-debian-clang, r-devel-linux-x86_64-debian-gcc

These binaries (installable software) and packages are in development.
They may not be fully stable and should be used with caution. We make no claims about them.