Last updated on 2025-05-21 21:49:17 CEST.
Flavor | Version | Tinstall | Tcheck | Ttotal | Status | Flags |
---|---|---|---|---|---|---|
r-devel-linux-x86_64-debian-clang | 0.0-6 | 26.52 | 125.85 | 152.37 | NOTE | |
r-devel-linux-x86_64-debian-gcc | 0.0-6 | 19.53 | 86.76 | 106.29 | NOTE | |
r-devel-linux-x86_64-fedora-clang | 0.0-6 | 243.11 | OK | |||
r-devel-linux-x86_64-fedora-gcc | 0.0-6 | 256.25 | OK | |||
r-devel-windows-x86_64 | 0.0-6 | 32.00 | 163.00 | 195.00 | OK | |
r-patched-linux-x86_64 | 0.0-6 | 29.49 | 118.86 | 148.35 | OK | |
r-release-linux-x86_64 | 0.0-6 | 29.27 | 117.41 | 146.68 | OK | |
r-release-macos-arm64 | 0.0-6 | 77.00 | OK | |||
r-release-macos-x86_64 | 0.0-6 | 137.00 | OK | |||
r-release-windows-x86_64 | 0.0-6 | 33.00 | 166.00 | 199.00 | OK | |
r-oldrel-macos-arm64 | 0.0-6 | 73.00 | OK | |||
r-oldrel-macos-x86_64 | 0.0-6 | 247.00 | OK | |||
r-oldrel-windows-x86_64 | 0.0-6 | 40.00 | 185.00 | 225.00 | OK |
Version: 0.0-6
Check: CRAN incoming feasibility
Result: NOTE
Maintainer: ‘Robin K. S. Hankin <hankin.robin@gmail.com>’
The BugReports field in DESCRIPTION has
https://github.com/RobinHankin/frab
which should likely be
https://github.com/RobinHankin/frab/issues
instead.
Flavors: r-devel-linux-x86_64-debian-clang, r-devel-linux-x86_64-debian-gcc
These binaries (installable software) and packages are in development.
They may not be fully stable and should be used with caution. We make no claims about them.