CRAN Package Check Results for Package fractD

Last updated on 2025-10-23 21:51:27 CEST.

Flavor Version Tinstall Tcheck Ttotal Status Flags
r-devel-linux-x86_64-debian-clang 0.1.0 1.89 47.26 49.15 OK
r-devel-linux-x86_64-debian-gcc 0.1.0 1.58 35.51 37.09 OK
r-devel-linux-x86_64-fedora-clang 0.1.0 76.87 OK
r-devel-linux-x86_64-fedora-gcc 0.1.0 88.89 OK
r-devel-windows-x86_64 0.1.0 4.00 70.00 74.00 OK
r-patched-linux-x86_64 0.1.0 1.93 44.35 46.28 OK
r-release-linux-x86_64 0.1.0 1.66 44.61 46.27 OK
r-release-macos-arm64 0.1.0 1.00 45.00 46.00 OK
r-release-macos-x86_64 0.1.0 2.00 83.00 85.00 OK
r-release-windows-x86_64 0.1.0 5.00 73.00 78.00 OK
r-oldrel-macos-arm64 0.1.0 1.00 31.00 32.00 NOTE
r-oldrel-macos-x86_64 0.1.0 2.00 51.00 53.00 NOTE
r-oldrel-windows-x86_64 0.1.0 5.00 86.00 91.00 NOTE

Check Details

Version: 0.1.0
Check: LazyData
Result: NOTE 'LazyData' is specified without a 'data' directory Flavors: r-oldrel-macos-arm64, r-oldrel-macos-x86_64, r-oldrel-windows-x86_64

These binaries (installable software) and packages are in development.
They may not be fully stable and should be used with caution. We make no claims about them.