Last updated on 2025-05-07 15:49:16 CEST.
Flavor | Version | Tinstall | Tcheck | Ttotal | Status | Flags |
---|---|---|---|---|---|---|
r-devel-linux-x86_64-debian-clang | 0.8-5 | 3.09 | 28.09 | 31.18 | NOTE | |
r-devel-linux-x86_64-debian-gcc | 0.8-5 | 2.32 | 21.43 | 23.75 | NOTE | |
r-devel-linux-x86_64-fedora-clang | 0.8-5 | 49.71 | OK | |||
r-devel-linux-x86_64-fedora-gcc | 0.8-5 | 47.23 | OK | |||
r-devel-windows-x86_64 | 0.8-5 | 4.00 | 53.00 | 57.00 | OK | |
r-patched-linux-x86_64 | 0.8-5 | 3.04 | 26.47 | 29.51 | OK | |
r-release-linux-x86_64 | 0.8-5 | 2.47 | 26.89 | 29.36 | OK | |
r-release-macos-arm64 | 0.8-5 | 25.00 | OK | |||
r-release-macos-x86_64 | 0.8-5 | 37.00 | OK | |||
r-release-windows-x86_64 | 0.8-5 | 5.00 | 53.00 | 58.00 | OK | |
r-oldrel-macos-arm64 | 0.8-5 | 28.00 | NOTE | |||
r-oldrel-macos-x86_64 | 0.8-5 | 30.00 | NOTE | |||
r-oldrel-windows-x86_64 | 0.8-5 | 4.00 | 56.00 | 60.00 | NOTE |
Version: 0.8-5
Check: CRAN incoming feasibility
Result: NOTE
Maintainer: ‘Hana Sevcikova <hanas@uw.edu>’
No Authors@R field in DESCRIPTION.
Please add one, modifying
Authors@R: c(person(given = "Hana",
family = "Sevcikova",
role = c("aut", "cre"),
email = "hanas@uw.edu"),
person(given = "Don",
family = "Percival",
role = "aut",
email = "dbp@apl.washington.edu"),
person(given = "Tilmann",
family = "Gneiting",
role = "aut",
email = "tilmann@stat.washington.edu"))
as necessary.
Flavors: r-devel-linux-x86_64-debian-clang, r-devel-linux-x86_64-debian-gcc
Version: 0.8-5
Check: package dependencies
Result: NOTE
Package suggested but not available for checking: ‘RandomFields’
Flavors: r-oldrel-macos-arm64, r-oldrel-macos-x86_64, r-oldrel-windows-x86_64
These binaries (installable software) and packages are in development.
They may not be fully stable and should be used with caution. We make no claims about them.