Last updated on 2025-11-11 15:50:34 CET.
| Flavor | Version | Tinstall | Tcheck | Ttotal | Status | Flags |
|---|---|---|---|---|---|---|
| r-devel-linux-x86_64-debian-clang | 0.2.1 | 12.50 | 32.48 | 44.98 | NOTE | |
| r-devel-linux-x86_64-debian-gcc | 0.2.1 | 8.05 | 24.85 | 32.90 | NOTE | |
| r-devel-linux-x86_64-fedora-clang | 0.2.1 | 75.00 | 3.23 | 78.23 | NOTE | |
| r-devel-linux-x86_64-fedora-gcc | 0.2.1 | 27.00 | 38.74 | 65.74 | NOTE | |
| r-devel-windows-x86_64 | 0.2.1 | 15.00 | 65.00 | 80.00 | NOTE | |
| r-patched-linux-x86_64 | 0.2.1 | 11.86 | 29.72 | 41.58 | NOTE | |
| r-release-linux-x86_64 | 0.2.1 | 11.58 | 29.69 | 41.27 | NOTE | |
| r-release-macos-arm64 | 0.2.1 | 5.00 | 20.00 | 25.00 | NOTE | |
| r-release-macos-x86_64 | 0.2.1 | 7.00 | 30.00 | 37.00 | NOTE | |
| r-release-windows-x86_64 | 0.2.1 | 16.00 | 64.00 | 80.00 | NOTE | |
| r-oldrel-macos-arm64 | 0.2.1 | 7.00 | 18.00 | 25.00 | NOTE | |
| r-oldrel-macos-x86_64 | 0.2.1 | 7.00 | 26.00 | 33.00 | NOTE | |
| r-oldrel-windows-x86_64 | 0.2.1 | 18.00 | 78.00 | 96.00 | NOTE |
Version: 0.2.1
Check: C++ specification
Result: NOTE
Specified C++11: please drop specification unless essential
Flavors: r-devel-linux-x86_64-debian-clang, r-devel-linux-x86_64-debian-gcc, r-devel-linux-x86_64-fedora-clang, r-devel-linux-x86_64-fedora-gcc, r-devel-windows-x86_64, r-patched-linux-x86_64, r-release-linux-x86_64, r-release-macos-arm64, r-release-macos-x86_64, r-release-windows-x86_64, r-oldrel-macos-arm64, r-oldrel-macos-x86_64, r-oldrel-windows-x86_64
These binaries (installable software) and packages are in development.
They may not be fully stable and should be used with caution. We make no claims about them.