CRAN Package Check Results for Package fracture

Last updated on 2025-10-03 07:49:41 CEST.

Flavor Version Tinstall Tcheck Ttotal Status Flags
r-devel-linux-x86_64-debian-clang 0.2.1 11.23 32.25 43.48 NOTE
r-devel-linux-x86_64-debian-gcc 0.2.1 8.58 24.79 33.37 NOTE
r-devel-linux-x86_64-fedora-clang 0.2.1 73.02 NOTE
r-devel-linux-x86_64-fedora-gcc 0.2.1 65.69 NOTE
r-devel-windows-x86_64 0.2.1 15.00 63.00 78.00 NOTE
r-patched-linux-x86_64 0.2.1 12.06 29.79 41.85 NOTE
r-release-linux-x86_64 0.2.1 11.99 29.75 41.74 NOTE
r-release-macos-arm64 0.2.1 25.00 NOTE
r-release-macos-x86_64 0.2.1 37.00 NOTE
r-release-windows-x86_64 0.2.1 18.00 65.00 83.00 NOTE
r-oldrel-macos-arm64 0.2.1 25.00 NOTE
r-oldrel-macos-x86_64 0.2.1 33.00 NOTE
r-oldrel-windows-x86_64 0.2.1 17.00 79.00 96.00 NOTE

Check Details

Version: 0.2.1
Check: C++ specification
Result: NOTE Specified C++11: please drop specification unless essential Flavors: r-devel-linux-x86_64-debian-clang, r-devel-linux-x86_64-debian-gcc, r-devel-linux-x86_64-fedora-clang, r-devel-linux-x86_64-fedora-gcc, r-devel-windows-x86_64, r-patched-linux-x86_64, r-release-linux-x86_64, r-release-macos-arm64, r-release-macos-x86_64, r-release-windows-x86_64, r-oldrel-macos-arm64, r-oldrel-macos-x86_64, r-oldrel-windows-x86_64

These binaries (installable software) and packages are in development.
They may not be fully stable and should be used with caution. We make no claims about them.