Last updated on 2025-07-26 07:50:22 CEST.
Flavor | Version | Tinstall | Tcheck | Ttotal | Status | Flags |
---|---|---|---|---|---|---|
r-devel-linux-x86_64-debian-clang | 3.7.0 | 277.09 | 314.70 | 591.79 | OK | |
r-devel-linux-x86_64-debian-gcc | 3.7.0 | 174.59 | 193.36 | 367.95 | OK | |
r-devel-linux-x86_64-fedora-clang | 3.7.0 | 916.03 | OK | |||
r-devel-linux-x86_64-fedora-gcc | 3.7.0 | 959.44 | OK | |||
r-devel-windows-x86_64 | 3.7.0 | 301.00 | 294.00 | 595.00 | OK | |
r-patched-linux-x86_64 | 3.7.0 | 262.74 | 287.36 | 550.10 | OK | |
r-release-linux-x86_64 | 3.7.0 | 259.46 | 289.13 | 548.59 | OK | |
r-release-macos-arm64 | 3.7.0 | 374.00 | OK | |||
r-release-macos-x86_64 | 3.7.0 | 459.00 | OK | |||
r-release-windows-x86_64 | 3.7.0 | 297.00 | 275.00 | 572.00 | OK | |
r-oldrel-macos-arm64 | 3.7.0 | 240.00 | NOTE | |||
r-oldrel-macos-x86_64 | 3.7.0 | 417.00 | NOTE | |||
r-oldrel-windows-x86_64 | 3.7.0 | 387.00 | 361.00 | 748.00 | NOTE |
Version: 3.7.0
Check: installed package size
Result: NOTE
installed size is 12.3Mb
sub-directories of 1Mb or more:
R 2.1Mb
help 2.7Mb
libs 6.1Mb
Flavors: r-oldrel-macos-arm64, r-oldrel-macos-x86_64, r-oldrel-windows-x86_64
These binaries (installable software) and packages are in development.
They may not be fully stable and should be used with caution. We make no claims about them.