Last updated on 2025-05-08 04:52:05 CEST.
Flavor | Version | Tinstall | Tcheck | Ttotal | Status | Flags |
---|---|---|---|---|---|---|
r-devel-linux-x86_64-debian-clang | 3.7.0 | 278.88 | 304.26 | 583.14 | OK | |
r-devel-linux-x86_64-debian-gcc | 3.7.0 | 187.34 | 190.95 | 378.29 | OK | |
r-devel-linux-x86_64-fedora-clang | 3.7.0 | 930.66 | OK | |||
r-devel-linux-x86_64-fedora-gcc | 3.7.0 | 1010.53 | OK | |||
r-devel-windows-x86_64 | 3.7.0 | 297.00 | 276.00 | 573.00 | OK | |
r-patched-linux-x86_64 | 3.7.0 | 266.42 | 287.17 | 553.59 | OK | |
r-release-linux-x86_64 | 3.7.0 | 258.54 | 290.76 | 549.30 | OK | |
r-release-macos-arm64 | 3.7.0 | 374.00 | OK | |||
r-release-macos-x86_64 | 3.7.0 | 459.00 | OK | |||
r-release-windows-x86_64 | 3.7.0 | 295.00 | 280.00 | 575.00 | OK | |
r-oldrel-macos-arm64 | 3.7.0 | 240.00 | NOTE | |||
r-oldrel-macos-x86_64 | 3.7.0 | 417.00 | NOTE | |||
r-oldrel-windows-x86_64 | 3.7.0 | 389.00 | 362.00 | 751.00 | NOTE |
Version: 3.7.0
Check: installed package size
Result: NOTE
installed size is 12.3Mb
sub-directories of 1Mb or more:
R 2.1Mb
help 2.7Mb
libs 6.1Mb
Flavors: r-oldrel-macos-arm64, r-oldrel-macos-x86_64, r-oldrel-windows-x86_64
These binaries (installable software) and packages are in development.
They may not be fully stable and should be used with caution. We make no claims about them.