Last updated on 2025-10-25 09:49:30 CEST.
| Flavor | Version | Tinstall | Tcheck | Ttotal | Status | Flags |
|---|---|---|---|---|---|---|
| r-devel-linux-x86_64-debian-clang | 0.5.203 | 9.51 | 88.03 | 97.54 | NOTE | |
| r-devel-linux-x86_64-debian-gcc | 0.5.203 | 7.29 | 63.04 | 70.33 | NOTE | |
| r-devel-linux-x86_64-fedora-clang | 0.5.203 | 31.00 | 121.89 | 152.89 | OK | |
| r-devel-linux-x86_64-fedora-gcc | 0.5.203 | 71.00 | 79.89 | 150.89 | NOTE | |
| r-devel-windows-x86_64 | 0.5.203 | 11.00 | 99.00 | 110.00 | OK | |
| r-patched-linux-x86_64 | 0.5.203 | 7.94 | 84.65 | 92.59 | OK | |
| r-release-linux-x86_64 | 0.5.203 | 8.47 | 85.05 | 93.52 | OK | |
| r-release-macos-arm64 | 0.5.203 | 5.00 | 39.00 | 44.00 | OK | |
| r-release-macos-x86_64 | 0.5.203 | 11.00 | 118.00 | 129.00 | OK | |
| r-release-windows-x86_64 | 0.5.203 | 9.00 | 100.00 | 109.00 | OK | |
| r-oldrel-macos-arm64 | 0.5.203 | 4.00 | 42.00 | 46.00 | OK | |
| r-oldrel-macos-x86_64 | 0.5.203 | 10.00 | 127.00 | 137.00 | OK | |
| r-oldrel-windows-x86_64 | 0.5.203 | 13.00 | 125.00 | 138.00 | OK |
Version: 0.5.203
Check: Rd files
Result: NOTE
checkRd: (-1) bythotrephes.Rd:8-13: Only 4 columns allowed in this table (row 1 has 2)
checkRd: (-1) bythotrephes.Rd:8-13: Only 4 columns allowed in this table (row 2 has 2)
checkRd: (-1) bythotrephes.Rd:8-13: Only 4 columns allowed in this table (row 3 has 2)
checkRd: (-1) bythotrephes.Rd:8-13: Only 4 columns allowed in this table (row 4 has 2)
checkRd: (-1) gammarus.Rd:8-13: Only 4 columns allowed in this table (row 1 has 2)
checkRd: (-1) gammarus.Rd:8-13: Only 4 columns allowed in this table (row 2 has 2)
checkRd: (-1) gammarus.Rd:8-13: Only 4 columns allowed in this table (row 3 has 2)
checkRd: (-1) gammarus.Rd:8-13: Only 4 columns allowed in this table (row 4 has 2)
Flavors: r-devel-linux-x86_64-debian-clang, r-devel-linux-x86_64-debian-gcc, r-devel-linux-x86_64-fedora-gcc
These binaries (installable software) and packages are in development.
They may not be fully stable and should be used with caution. We make no claims about them.