CRAN Package Check Results for Package franc

Last updated on 2025-07-25 01:49:27 CEST.

Flavor Version Tinstall Tcheck Ttotal Status Flags
r-devel-linux-x86_64-debian-clang 1.1.4 1.94 21.86 23.80 NOTE
r-devel-linux-x86_64-debian-gcc 1.1.4 1.48 18.31 19.79 NOTE
r-devel-linux-x86_64-fedora-clang 1.1.4 34.88 OK
r-devel-linux-x86_64-fedora-gcc 1.1.4 33.29 OK
r-devel-windows-x86_64 1.1.4 5.00 51.00 56.00 OK
r-patched-linux-x86_64 1.1.4 2.00 19.87 21.87 OK
r-release-linux-x86_64 1.1.4 1.75 19.74 21.49 OK
r-release-macos-arm64 1.1.4 17.00 OK
r-release-macos-x86_64 1.1.4 25.00 OK
r-release-windows-x86_64 1.1.4 3.00 45.00 48.00 OK
r-oldrel-macos-arm64 1.1.4 17.00 OK
r-oldrel-macos-x86_64 1.1.4 26.00 OK
r-oldrel-windows-x86_64 1.1.4 3.00 46.00 49.00 OK

Check Details

Version: 1.1.4
Check: CRAN incoming feasibility
Result: NOTE Maintainer: ‘Gábor Csárdi <csardi.gabor@gmail.com>’ No Authors@R field in DESCRIPTION. Please add one, modifying Authors@R: c(person(given = "Gabor", family = "Csardi", role = "aut"), person(given = "Titus", family = "Wormer", role = "aut"), person(given = "Maciej", family = "Ceglowski", role = "aut"), person(given = c("Jacob", "R."), family = "Rideout", role = "aut"), person(given = c("and", "Kent", "S."), family = "Johnson", role = "aut"), person(given = "Gábor", family = "Csárdi", role = "cre", email = "csardi.gabor@gmail.com")) as necessary. Flavors: r-devel-linux-x86_64-debian-clang, r-devel-linux-x86_64-debian-gcc

These binaries (installable software) and packages are in development.
They may not be fully stable and should be used with caution. We make no claims about them.