Last updated on 2025-02-16 10:50:46 CET.
Flavor | Version | Tinstall | Tcheck | Ttotal | Status | Flags |
---|---|---|---|---|---|---|
r-devel-linux-x86_64-debian-clang | 1.6.10 | 6.62 | 64.45 | 71.07 | NOTE | |
r-devel-linux-x86_64-debian-gcc | 1.6.10 | 5.72 | 45.97 | 51.69 | NOTE | |
r-devel-linux-x86_64-fedora-clang | 1.6.10 | 118.24 | OK | |||
r-devel-linux-x86_64-fedora-gcc | 1.6.10 | 121.86 | OK | |||
r-devel-macos-arm64 | 1.6.10 | 49.00 | OK | |||
r-devel-macos-x86_64 | 1.6.10 | 84.00 | OK | |||
r-devel-windows-x86_64 | 1.6.10 | 9.00 | 99.00 | 108.00 | NOTE | |
r-patched-linux-x86_64 | 1.6.10 | 10.47 | 59.51 | 69.98 | OK | |
r-release-linux-x86_64 | 1.6.10 | 7.21 | 60.37 | 67.58 | OK | |
r-release-macos-arm64 | 1.6.10 | 44.00 | OK | |||
r-release-macos-x86_64 | 1.6.10 | 62.00 | OK | |||
r-release-windows-x86_64 | 1.6.10 | 9.00 | 103.00 | 112.00 | OK | |
r-oldrel-macos-arm64 | 1.6.10 | 44.00 | OK | |||
r-oldrel-macos-x86_64 | 1.6.10 | 73.00 | OK | |||
r-oldrel-windows-x86_64 | 1.6.10 | 10.00 | 113.00 | 123.00 | OK |
Version: 1.6.10
Check: Rd cross-references
Result: NOTE
Found the following Rd file(s) with Rd \link{} targets missing package
anchors:
checkmnc-methods.Rd: checkimg
fs_cmd.Rd: readnii
readmgz.Rd: readnii
readmnc.Rd: readnii
Please provide package anchors for all Rd \link{} targets not in the
package itself and the base packages.
Flavors: r-devel-linux-x86_64-debian-clang, r-devel-linux-x86_64-debian-gcc, r-devel-windows-x86_64
These binaries (installable software) and packages are in development.
They may not be fully stable and should be used with caution. We make no claims about them.