Last updated on 2025-05-01 14:49:10 CEST.
Flavor | Version | Tinstall | Tcheck | Ttotal | Status | Flags |
---|---|---|---|---|---|---|
r-devel-linux-x86_64-debian-clang | 1.6.10 | 7.07 | 65.79 | 72.86 | NOTE | |
r-devel-linux-x86_64-debian-gcc | 1.6.10 | 4.93 | 50.52 | 55.45 | NOTE | |
r-devel-linux-x86_64-fedora-clang | 1.6.10 | 114.97 | OK | |||
r-devel-linux-x86_64-fedora-gcc | 1.6.10 | 122.12 | OK | |||
r-devel-windows-x86_64 | 1.6.10 | 10.00 | 95.00 | 105.00 | NOTE | |
r-patched-linux-x86_64 | 1.6.10 | 7.86 | 62.57 | 70.43 | NOTE | |
r-release-linux-x86_64 | NOTE | |||||
r-release-macos-arm64 | 1.6.10 | 71.00 | OK | |||
r-release-macos-x86_64 | 1.6.10 | 90.00 | OK | |||
r-release-windows-x86_64 | 1.6.10 | 9.00 | 96.00 | 105.00 | NOTE | |
r-oldrel-macos-arm64 | 1.6.10 | 44.00 | OK | |||
r-oldrel-macos-x86_64 | 1.6.10 | 62.00 | OK | |||
r-oldrel-windows-x86_64 | 1.6.10 | 11.00 | 109.00 | 120.00 | OK |
Version: 1.6.10
Check: Rd cross-references
Result: NOTE
Found the following Rd file(s) with Rd \link{} targets missing package
anchors:
checkmnc-methods.Rd: checkimg
fs_cmd.Rd: readnii
readmgz.Rd: readnii
readmnc.Rd: readnii
Please provide package anchors for all Rd \link{} targets not in the
package itself and the base packages.
Flavors: r-devel-linux-x86_64-debian-clang, r-devel-linux-x86_64-debian-gcc, r-devel-windows-x86_64, r-patched-linux-x86_64, r-release-linux-x86_64, r-release-windows-x86_64
These binaries (installable software) and packages are in development.
They may not be fully stable and should be used with caution. We make no claims about them.