Last updated on 2025-02-16 10:50:46 CET.
Flavor | Version | Tinstall | Tcheck | Ttotal | Status | Flags |
---|---|---|---|---|---|---|
r-devel-linux-x86_64-debian-clang | 1.0.1 | 7.70 | 128.38 | 136.08 | NOTE | |
r-devel-linux-x86_64-debian-gcc | 1.0.1 | 5.73 | 90.88 | 96.61 | NOTE | |
r-devel-linux-x86_64-fedora-clang | 1.0.1 | 215.99 | OK | |||
r-devel-linux-x86_64-fedora-gcc | 1.0.1 | 217.79 | OK | |||
r-devel-macos-arm64 | 1.0.1 | 72.00 | OK | |||
r-devel-macos-x86_64 | 1.0.1 | 135.00 | OK | |||
r-devel-windows-x86_64 | 1.0.1 | 10.00 | 140.00 | 150.00 | NOTE | |
r-patched-linux-x86_64 | 1.0.1 | 14.14 | 123.34 | 137.48 | OK | |
r-release-linux-x86_64 | 1.0.1 | 7.08 | 123.03 | 130.11 | OK | |
r-release-macos-arm64 | 1.0.1 | 62.00 | OK | |||
r-release-macos-x86_64 | 1.0.1 | 98.00 | OK | |||
r-release-windows-x86_64 | 1.0.1 | 9.00 | 145.00 | 154.00 | OK | |
r-oldrel-macos-arm64 | 1.0.1 | 75.00 | OK | |||
r-oldrel-macos-x86_64 | 1.0.1 | 111.00 | NOTE | |||
r-oldrel-windows-x86_64 | 1.0.1 | 12.00 | 166.00 | 178.00 | OK |
Version: 1.0.1
Check: Rd cross-references
Result: NOTE
Found the following Rd file(s) with Rd \link{} targets missing package
anchors:
fts.freqdom.Rd: freqdom
Please provide package anchors for all Rd \link{} targets not in the
package itself and the base packages.
Flavors: r-devel-linux-x86_64-debian-clang, r-devel-linux-x86_64-debian-gcc, r-devel-windows-x86_64
Version: 1.0.1
Check: for unstated dependencies in ‘demo’
Result: NOTE
'library' or 'require' call not declared from: ‘tseries’
Flavors: r-devel-linux-x86_64-debian-clang, r-devel-linux-x86_64-debian-gcc
Version: 1.0.1
Check: package dependencies
Result: NOTE
Package suggested but not available for checking: ‘MARSS’
Flavor: r-oldrel-macos-x86_64
These binaries (installable software) and packages are in development.
They may not be fully stable and should be used with caution. We make no claims about them.