Last updated on 2025-05-01 15:49:31 CEST.
Flavor | Version | Tinstall | Tcheck | Ttotal | Status | Flags |
---|---|---|---|---|---|---|
r-devel-linux-x86_64-debian-clang | 1.0.1 | 5.64 | 66.66 | 72.30 | NOTE | |
r-devel-linux-x86_64-debian-gcc | 1.0.1 | 4.47 | 47.14 | 51.61 | NOTE | |
r-devel-linux-x86_64-fedora-clang | 1.0.1 | 103.29 | OK | |||
r-devel-linux-x86_64-fedora-gcc | 1.0.1 | 96.91 | OK | |||
r-devel-windows-x86_64 | 1.0.1 | 8.00 | 135.00 | 143.00 | OK | |
r-patched-linux-x86_64 | 1.0.1 | 6.71 | 62.13 | 68.84 | OK | |
r-release-linux-x86_64 | OK | |||||
r-release-macos-arm64 | 1.0.1 | 32.00 | OK | |||
r-release-macos-x86_64 | 1.0.1 | 59.00 | OK | |||
r-release-windows-x86_64 | 1.0.1 | 8.00 | 85.00 | 93.00 | OK | |
r-oldrel-macos-arm64 | 1.0.1 | 33.00 | OK | |||
r-oldrel-macos-x86_64 | 1.0.1 | 47.00 | OK | |||
r-oldrel-windows-x86_64 | 1.0.1 | 10.00 | 93.00 | 103.00 | OK |
Version: 1.0.1
Check: CRAN incoming feasibility
Result: NOTE
Maintainer: ‘Norm Matloff <normmatloff@gmail.com>’
No Authors@R field in DESCRIPTION.
Please add one, modifying
Authors@R: c(person(given = "Norm",
family = "Matloff",
role = c("aut", "cre"),
email = "normmatloff@gmail.com"),
person(given = "Yingkang",
family = "Xie",
role = "aut",
email = "yingkang.xie@gmail.com"))
as necessary.
Flavors: r-devel-linux-x86_64-debian-clang, r-devel-linux-x86_64-debian-gcc
Version: 1.0.1
Check: examples
Result: NOTE
Examples with CPU (user + system) or elapsed time > 5s
user system elapsed
freqparcoord 6.671 0.099 9.226
Flavor: r-devel-linux-x86_64-debian-clang
Version: 1.0.1
Check: examples
Result: NA
user system elapsed
freqparcoord 4.393 0.103 5.381
OK
Flavor: r-devel-linux-x86_64-debian-gcc
These binaries (installable software) and packages are in development.
They may not be fully stable and should be used with caution. We make no claims about them.