Last updated on 2025-05-28 19:52:53 CEST.
Flavor | Version | Tinstall | Tcheck | Ttotal | Status | Flags |
---|---|---|---|---|---|---|
r-devel-linux-x86_64-debian-clang | 0.4.1 | 6.01 | 92.00 | 98.01 | NOTE | |
r-devel-linux-x86_64-debian-gcc | 0.4.1 | 4.04 | 67.29 | 71.33 | NOTE | |
r-devel-linux-x86_64-fedora-clang | 0.4.1 | 150.85 | OK | |||
r-devel-linux-x86_64-fedora-gcc | 0.4.1 | 141.21 | OK | |||
r-devel-windows-x86_64 | 0.4.1 | 9.00 | 115.00 | 124.00 | OK | |
r-patched-linux-x86_64 | 0.4.1 | 6.17 | 86.57 | 92.74 | OK | |
r-release-linux-x86_64 | 0.4.1 | 5.91 | 85.78 | 91.69 | OK | |
r-release-macos-arm64 | 0.4.1 | 70.00 | OK | |||
r-release-macos-x86_64 | 0.4.1 | 78.00 | OK | |||
r-release-windows-x86_64 | 0.4.1 | 8.00 | 114.00 | 122.00 | OK | |
r-oldrel-macos-arm64 | 0.4.1 | 48.00 | OK | |||
r-oldrel-macos-x86_64 | 0.4.1 | 68.00 | OK | |||
r-oldrel-windows-x86_64 | 0.4.1 | 12.00 | 146.00 | 158.00 | OK |
Version: 0.4.1
Check: CRAN incoming feasibility
Result: NOTE
Maintainer: ‘Alistair Wilcox <frequency@alistairwilcox.com>’
No Authors@R field in DESCRIPTION.
Please add one, modifying
Authors@R: person(given = "Alistair",
family = "Wilcox",
role = c("aut", "cre"),
email = "frequency@alistairwilcox.com")
as necessary.
Flavors: r-devel-linux-x86_64-debian-clang, r-devel-linux-x86_64-debian-gcc
These binaries (installable software) and packages are in development.
They may not be fully stable and should be used with caution. We make no claims about them.