CRAN Package Check Results for Package frequency

Last updated on 2025-07-09 03:52:24 CEST.

Flavor Version Tinstall Tcheck Ttotal Status Flags
r-devel-linux-x86_64-debian-clang 0.4.1 5.96 90.66 96.62 NOTE
r-devel-linux-x86_64-debian-gcc 0.4.1 4.58 66.81 71.39 NOTE
r-devel-linux-x86_64-fedora-clang 0.4.1 146.38 OK
r-devel-linux-x86_64-fedora-gcc 0.4.1 144.92 OK
r-devel-windows-x86_64 0.4.1 8.00 109.00 117.00 OK
r-patched-linux-x86_64 0.4.1 5.66 86.16 91.82 OK
r-release-linux-x86_64 0.4.1 5.00 85.45 90.45 OK
r-release-macos-arm64 0.4.1 70.00 OK
r-release-macos-x86_64 0.4.1 78.00 OK
r-release-windows-x86_64 0.4.1 8.00 110.00 118.00 OK
r-oldrel-macos-arm64 0.4.1 48.00 OK
r-oldrel-macos-x86_64 0.4.1 68.00 OK
r-oldrel-windows-x86_64 0.4.1 10.00 141.00 151.00 OK

Check Details

Version: 0.4.1
Check: CRAN incoming feasibility
Result: NOTE Maintainer: ‘Alistair Wilcox <frequency@alistairwilcox.com>’ No Authors@R field in DESCRIPTION. Please add one, modifying Authors@R: person(given = "Alistair", family = "Wilcox", role = c("aut", "cre"), email = "frequency@alistairwilcox.com") as necessary. Flavors: r-devel-linux-x86_64-debian-clang, r-devel-linux-x86_64-debian-gcc

These binaries (installable software) and packages are in development.
They may not be fully stable and should be used with caution. We make no claims about them.