Last updated on 2025-10-03 03:50:40 CEST.
Flavor | Version | Tinstall | Tcheck | Ttotal | Status | Flags |
---|---|---|---|---|---|---|
r-devel-linux-x86_64-debian-clang | 4.1.0 | 4.21 | 53.76 | 57.97 | OK | |
r-devel-linux-x86_64-debian-gcc | 4.1.0 | 2.49 | 39.05 | 41.54 | OK | |
r-devel-linux-x86_64-fedora-clang | 4.1.0 | 85.54 | OK | |||
r-devel-linux-x86_64-fedora-gcc | 4.1.0 | 96.04 | OK | |||
r-devel-windows-x86_64 | 4.1.0 | 6.00 | 130.00 | 136.00 | NOTE | |
r-patched-linux-x86_64 | 4.1.0 | 5.94 | 49.85 | 55.79 | OK | |
r-release-linux-x86_64 | 4.1.0 | 3.47 | 49.32 | 52.79 | OK | |
r-release-macos-arm64 | 4.1.0 | 55.00 | NOTE | |||
r-release-macos-x86_64 | 4.1.0 | 92.00 | NOTE | |||
r-release-windows-x86_64 | 4.1.0 | 6.00 | 130.00 | 136.00 | NOTE | |
r-oldrel-macos-arm64 | 4.1.0 | 52.00 | NOTE | |||
r-oldrel-macos-x86_64 | 4.1.0 | 77.00 | NOTE | |||
r-oldrel-windows-x86_64 | 4.1.0 | 7.00 | 146.00 | 153.00 | NOTE |
Version: 4.1.0
Check: Rd files
Result: NOTE
checkRd: (-1) NEWS.Rd:234: Escaped LaTeX specials: \_
checkRd: (-1) NEWS.Rd:257: Escaped LaTeX specials: \_ \_
checkRd: (-1) NEWS.Rd:258: Escaped LaTeX specials: \_ \_
checkRd: (-1) NEWS.Rd:259: Escaped LaTeX specials: \_
checkRd: (-1) NEWS.Rd:262: Escaped LaTeX specials: \_
checkRd: (-1) NEWS.Rd:265: Escaped LaTeX specials: \_
Flavors: r-devel-windows-x86_64, r-release-macos-arm64, r-release-macos-x86_64, r-release-windows-x86_64, r-oldrel-macos-arm64, r-oldrel-macos-x86_64, r-oldrel-windows-x86_64
These binaries (installable software) and packages are in development.
They may not be fully stable and should be used with caution. We make no claims about them.