Last updated on 2025-05-08 04:52:05 CEST.
Flavor | Version | Tinstall | Tcheck | Ttotal | Status | Flags |
---|---|---|---|---|---|---|
r-devel-linux-x86_64-debian-clang | 0.2.4 | 394.95 | 52.50 | 447.45 | OK | |
r-devel-linux-x86_64-debian-gcc | 0.2.4 | 219.40 | 46.09 | 265.49 | OK | |
r-devel-linux-x86_64-fedora-clang | 0.2.4 | 594.12 | OK | |||
r-devel-linux-x86_64-fedora-gcc | 0.2.4 | 815.38 | OK | |||
r-devel-windows-x86_64 | 0.2.4 | 235.00 | 135.00 | 370.00 | OK | |
r-patched-linux-x86_64 | 0.2.4 | 312.83 | 57.68 | 370.51 | OK | |
r-release-linux-x86_64 | 0.2.4 | 308.06 | 57.88 | 365.94 | OK | |
r-release-macos-arm64 | 0.2.4 | 173.00 | OK | |||
r-release-macos-x86_64 | 0.2.4 | 163.00 | OK | |||
r-release-windows-x86_64 | 0.2.4 | 247.00 | 135.00 | 382.00 | OK | |
r-oldrel-macos-arm64 | 0.2.4 | 171.00 | NOTE | |||
r-oldrel-macos-x86_64 | 0.2.4 | 180.00 | NOTE | |||
r-oldrel-windows-x86_64 | 0.2.4 | 213.00 | 149.00 | 362.00 | NOTE |
Version: 0.2.4
Check: installed package size
Result: NOTE
installed size is 55.2Mb
sub-directories of 1Mb or more:
libs 54.4Mb
Flavors: r-oldrel-macos-arm64, r-oldrel-macos-x86_64, r-oldrel-windows-x86_64
These binaries (installable software) and packages are in development.
They may not be fully stable and should be used with caution. We make no claims about them.