Last updated on 2025-02-16 10:50:46 CET.
Flavor | Version | Tinstall | Tcheck | Ttotal | Status | Flags |
---|---|---|---|---|---|---|
r-devel-linux-x86_64-debian-clang | 0.2.4 | 393.17 | 49.32 | 442.49 | OK | |
r-devel-linux-x86_64-debian-gcc | 0.2.4 | 220.25 | 44.83 | 265.08 | OK | |
r-devel-linux-x86_64-fedora-clang | 0.2.4 | 533.50 | OK | |||
r-devel-linux-x86_64-fedora-gcc | 0.2.4 | 750.75 | OK | |||
r-devel-macos-arm64 | 0.2.4 | 175.00 | OK | |||
r-devel-macos-x86_64 | 0.2.4 | 162.00 | OK | |||
r-devel-windows-x86_64 | 0.2.4 | 218.00 | 130.00 | 348.00 | OK | |
r-patched-linux-x86_64 | 0.2.4 | 297.61 | 55.84 | 353.45 | OK | |
r-release-linux-x86_64 | 0.2.4 | 319.18 | 55.87 | 375.05 | OK | |
r-release-macos-arm64 | 0.2.4 | 171.00 | NOTE | |||
r-release-macos-x86_64 | 0.2.4 | 180.00 | NOTE | |||
r-release-windows-x86_64 | 0.2.4 | 224.00 | 129.00 | 353.00 | NOTE | |
r-oldrel-macos-arm64 | 0.2.4 | 168.00 | NOTE | |||
r-oldrel-macos-x86_64 | 0.2.4 | 173.00 | NOTE | |||
r-oldrel-windows-x86_64 | 0.2.4 | 207.00 | 140.00 | 347.00 | NOTE |
Version: 0.2.4
Check: installed package size
Result: NOTE
installed size is 55.2Mb
sub-directories of 1Mb or more:
libs 54.4Mb
Flavors: r-release-macos-arm64, r-release-macos-x86_64, r-release-windows-x86_64, r-oldrel-macos-arm64, r-oldrel-macos-x86_64, r-oldrel-windows-x86_64
These binaries (installable software) and packages are in development.
They may not be fully stable and should be used with caution. We make no claims about them.