Last updated on 2025-10-23 17:50:48 CEST.
Flavor | Version | Tinstall | Tcheck | Ttotal | Status | Flags |
---|---|---|---|---|---|---|
r-devel-linux-x86_64-debian-clang | 0.2.4 | 391.93 | 55.96 | 447.89 | NOTE | |
r-devel-linux-x86_64-debian-gcc | 0.2.4 | 220.63 | 48.11 | 268.74 | OK | |
r-devel-linux-x86_64-fedora-clang | 0.2.4 | 415.00 | 213.55 | 628.55 | OK | |
r-devel-linux-x86_64-fedora-gcc | 0.2.4 | 276.00 | 458.17 | 734.17 | OK | |
r-devel-windows-x86_64 | 0.2.4 | 239.00 | 136.00 | 375.00 | OK | |
r-patched-linux-x86_64 | 0.2.4 | 307.19 | 61.28 | 368.47 | OK | |
r-release-linux-x86_64 | 0.2.4 | 310.38 | 61.46 | 371.84 | OK | |
r-release-macos-arm64 | 0.2.4 | 136.00 | 37.00 | 173.00 | OK | |
r-release-macos-x86_64 | 0.2.4 | 96.00 | 67.00 | 163.00 | OK | |
r-release-windows-x86_64 | 0.2.4 | 244.00 | 136.00 | 380.00 | OK | |
r-oldrel-macos-arm64 | 0.2.4 | 134.00 | 37.00 | 171.00 | NOTE | |
r-oldrel-macos-x86_64 | 0.2.4 | 87.00 | 93.00 | 180.00 | NOTE | |
r-oldrel-windows-x86_64 | 0.2.4 | 247.00 | 151.00 | 398.00 | NOTE |
Version: 0.2.4
Check: HTML version of manual
Result: NOTE
Found the following HTML validation problems:
NEWS.html:133:47 (NEWS.Rd:69): Warning: missing </p> before <a>
NEWS.html:133:5 (NEWS.Rd:69): Warning: missing </a> before <a>
NEWS.html:133:127 (NEWS.Rd:69): Warning: inserting implicit <p>
NEWS.html:133:131 (NEWS.Rd:69): Warning: discarding unexpected </a>
NEWS.html:134:47 (NEWS.Rd:69): Warning: missing </p> before <a>
NEWS.html:134:5 (NEWS.Rd:69): Warning: missing </a> before <a>
NEWS.html:134:127 (NEWS.Rd:69): Warning: inserting implicit <p>
NEWS.html:134:131 (NEWS.Rd:69): Warning: discarding unexpected </a>
NEWS.html:135:47 (NEWS.Rd:69): Warning: missing </p> before <a>
NEWS.html:135:5 (NEWS.Rd:69): Warning: missing </a> before <a>
NEWS.html:135:127 (NEWS.Rd:69): Warning: inserting implicit <p>
NEWS.html:135:131 (NEWS.Rd:69): Warning: discarding unexpected </a>
NEWS.html:136:47 (NEWS.Rd:69): Warning: missing </p> before <a>
NEWS.html:136:5 (NEWS.Rd:69): Warning: missing </a> before <a>
NEWS.html:136:127 (NEWS.Rd:69): Warning: inserting implicit <p>
NEWS.html:136:131 (NEWS.Rd:69): Warning: discarding unexpected </a>
NEWS.html:137:47 (NEWS.Rd:69): Warning: missing </p> before <a>
NEWS.html:137:5 (NEWS.Rd:69): Warning: missing </a> before <a>
NEWS.html:137:127 (NEWS.Rd:69): Warning: inserting implicit <p>
NEWS.html:137:131 (NEWS.Rd:69): Warning: discarding unexpected </a>
NEWS.html:138:47 (NEWS.Rd:69): Warning: missing </p> before <a>
NEWS.html:138:5 (NEWS.Rd:69): Warning: missing </a> before <a>
NEWS.html:138:127 (NEWS.Rd:69): Warning: inserting implicit <p>
NEWS.html:138:131 (NEWS.Rd:69): Warning: discarding unexpected </a>
NEWS.html:139:55 (NEWS.Rd:69): Warning: missing </p> before <a>
NEWS.html:139:5 (NEWS.Rd:69): Warning: missing </a> before <a>
NEWS.html:139:143 (NEWS.Rd:69): Warning: inserting implicit <p>
NEWS.html:139:147 (NEWS.Rd:69): Warning: discarding unexpected </a>
NEWS.html:133:47 (NEWS.Rd:69): Warning: trimming empty <p>
NEWS.html:133:127 (NEWS.Rd:69): Warning: trimming empty <p>
NEWS.html:134:47 (NEWS.Rd:69): Warning: trimming empty <p>
NEWS.html:134:127 (NEWS.Rd:69): Warning: trimming empty <p>
NEWS.html:135:47 (NEWS.Rd:69): Warning: trimming empty <p>
NEWS.html:135:127 (NEWS.Rd:69): Warning: trimming empty <p>
NEWS.html:136:47 (NEWS.Rd:69): Warning: trimming empty <p>
NEWS.html:136:127 (NEWS.Rd:69): Warning: trimming empty <p>
NEWS.html:137:47 (NEWS.Rd:69): Warning: trimming empty <p>
NEWS.html:137:127 (NEWS.Rd:69): Warning: trimming empty <p>
NEWS.html:138:47 (NEWS.Rd:69): Warning: trimming empty <p>
NEWS.html:138:127 (NEWS.Rd:69): Warning: trimming empty <p>
NEWS.html:139:55 (NEWS.Rd:69): Warning: trimming empty <p>
NEWS.html:139:143 (NEWS.Rd:69): Warning: trimming empty <p>
Flavor: r-devel-linux-x86_64-debian-clang
Version: 0.2.4
Check: installed package size
Result: NOTE
installed size is 55.2Mb
sub-directories of 1Mb or more:
libs 54.4Mb
Flavors: r-oldrel-macos-arm64, r-oldrel-macos-x86_64, r-oldrel-windows-x86_64
These binaries (installable software) and packages are in development.
They may not be fully stable and should be used with caution. We make no claims about them.