Last updated on 2025-11-13 07:50:52 CET.
| Flavor | Version | Tinstall | Tcheck | Ttotal | Status | Flags |
|---|---|---|---|---|---|---|
| r-devel-linux-x86_64-debian-clang | 0.2.4 | 397.31 | 56.19 | 453.50 | OK | |
| r-devel-linux-x86_64-debian-gcc | 0.2.4 | 224.34 | 49.80 | 274.14 | OK | |
| r-devel-linux-x86_64-fedora-clang | 0.2.4 | 302.00 | 302.72 | 604.72 | OK | |
| r-devel-linux-x86_64-fedora-gcc | 0.2.4 | 260.00 | 465.07 | 725.07 | OK | |
| r-devel-windows-x86_64 | 0.2.4 | 230.00 | 130.00 | 360.00 | OK | |
| r-patched-linux-x86_64 | 0.2.4 | 310.49 | 61.59 | 372.08 | OK | |
| r-release-linux-x86_64 | 0.2.4 | 307.57 | 61.44 | 369.01 | OK | |
| r-release-macos-arm64 | 0.2.4 | 136.00 | 37.00 | 173.00 | OK | |
| r-release-macos-x86_64 | 0.2.4 | 96.00 | 67.00 | 163.00 | OK | |
| r-release-windows-x86_64 | 0.2.4 | 239.00 | 134.00 | 373.00 | OK | |
| r-oldrel-macos-arm64 | 0.2.4 | 134.00 | 37.00 | 171.00 | NOTE | |
| r-oldrel-macos-x86_64 | 0.2.4 | 87.00 | 93.00 | 180.00 | NOTE | |
| r-oldrel-windows-x86_64 | 0.2.4 | 226.00 | 151.00 | 377.00 | NOTE |
Version: 0.2.4
Check: installed package size
Result: NOTE
installed size is 55.2Mb
sub-directories of 1Mb or more:
libs 54.4Mb
Flavors: r-oldrel-macos-arm64, r-oldrel-macos-x86_64, r-oldrel-windows-x86_64
These binaries (installable software) and packages are in development.
They may not be fully stable and should be used with caution. We make no claims about them.