Last updated on 2025-02-16 10:50:46 CET.
Flavor | Version | Tinstall | Tcheck | Ttotal | Status | Flags |
---|---|---|---|---|---|---|
r-devel-linux-x86_64-debian-clang | 0.2.0 | 4.53 | 34.37 | 38.90 | OK | |
r-devel-linux-x86_64-debian-gcc | 0.2.0 | 3.08 | 25.67 | 28.75 | OK | |
r-devel-linux-x86_64-fedora-clang | 0.2.0 | 61.42 | OK | |||
r-devel-linux-x86_64-fedora-gcc | 0.2.0 | 57.04 | OK | |||
r-devel-macos-arm64 | 0.2.0 | 21.00 | OK | |||
r-devel-macos-x86_64 | 0.2.0 | 36.00 | OK | |||
r-devel-windows-x86_64 | 0.2.0 | 6.00 | 54.00 | 60.00 | OK | |
r-patched-linux-x86_64 | 0.2.0 | 4.62 | 31.79 | 36.41 | NOTE | |
r-release-linux-x86_64 | 0.2.0 | 4.38 | 32.07 | 36.45 | NOTE | |
r-release-macos-arm64 | 0.2.0 | 21.00 | NOTE | |||
r-release-macos-x86_64 | 0.2.0 | 50.00 | NOTE | |||
r-release-windows-x86_64 | 0.2.0 | 7.00 | 54.00 | 61.00 | NOTE | |
r-oldrel-macos-arm64 | 0.2.0 | 21.00 | NOTE | |||
r-oldrel-macos-x86_64 | 0.2.0 | 30.00 | NOTE | |||
r-oldrel-windows-x86_64 | 0.2.0 | 7.00 | 61.00 | 68.00 | NOTE |
Version: 0.2.0
Check: LazyData
Result: NOTE
'LazyData' is specified without a 'data' directory
Flavors: r-patched-linux-x86_64, r-release-linux-x86_64, r-release-macos-arm64, r-release-macos-x86_64, r-release-windows-x86_64, r-oldrel-macos-arm64, r-oldrel-macos-x86_64, r-oldrel-windows-x86_64
These binaries (installable software) and packages are in development.
They may not be fully stable and should be used with caution. We make no claims about them.