CRAN Package Check Results for Package frostr

Last updated on 2025-11-11 15:50:34 CET.

Flavor Version Tinstall Tcheck Ttotal Status Flags
r-devel-linux-x86_64-debian-clang 0.2.0 4.56 38.33 42.89 OK
r-devel-linux-x86_64-debian-gcc 0.2.0 2.86 28.11 30.97 OK
r-devel-linux-x86_64-fedora-clang 0.2.0 11.00 52.41 63.41 OK
r-devel-linux-x86_64-fedora-gcc 0.2.0 57.00 OK
r-devel-windows-x86_64 0.2.0 6.00 60.00 66.00 OK
r-patched-linux-x86_64 0.2.0 4.50 34.10 38.60 OK
r-release-linux-x86_64 0.2.0 4.63 34.76 39.39 OK
r-release-macos-arm64 0.2.0 2.00 38.00 40.00 OK
r-release-macos-x86_64 0.2.0 4.00 32.00 36.00 OK
r-release-windows-x86_64 0.2.0 6.00 51.00 57.00 OK
r-oldrel-macos-arm64 0.2.0 2.00 19.00 21.00 NOTE
r-oldrel-macos-x86_64 0.2.0 5.00 45.00 50.00 NOTE
r-oldrel-windows-x86_64 0.2.0 8.00 62.00 70.00 NOTE

Check Details

Version: 0.2.0
Check: LazyData
Result: NOTE 'LazyData' is specified without a 'data' directory Flavors: r-oldrel-macos-arm64, r-oldrel-macos-x86_64, r-oldrel-windows-x86_64

These binaries (installable software) and packages are in development.
They may not be fully stable and should be used with caution. We make no claims about them.