Last updated on 2025-05-02 13:50:45 CEST.
Flavor | Version | Tinstall | Tcheck | Ttotal | Status | Flags |
---|---|---|---|---|---|---|
r-devel-linux-x86_64-debian-clang | 1.1.0 | 3.60 | 27.75 | 31.35 | NOTE | |
r-devel-linux-x86_64-debian-gcc | 1.1.0 | 2.44 | 22.43 | 24.87 | NOTE | |
r-devel-linux-x86_64-fedora-clang | 1.1.0 | 50.48 | OK | |||
r-devel-linux-x86_64-fedora-gcc | 1.1.0 | 75.31 | OK | |||
r-devel-windows-x86_64 | 1.1.0 | 6.00 | 51.00 | 57.00 | OK | |
r-patched-linux-x86_64 | 1.1.0 | 3.38 | 27.06 | 30.44 | OK | |
r-release-linux-x86_64 | OK | |||||
r-release-macos-arm64 | 1.1.0 | 45.00 | OK | |||
r-release-macos-x86_64 | 1.1.0 | 66.00 | OK | |||
r-release-windows-x86_64 | 1.1.0 | 7.00 | 56.00 | 63.00 | OK | |
r-oldrel-macos-arm64 | 1.1.0 | 34.00 | OK | |||
r-oldrel-macos-x86_64 | 1.1.0 | 53.00 | OK | |||
r-oldrel-windows-x86_64 | 1.1.0 | 6.00 | 55.00 | 61.00 | OK |
Version: 1.1.0
Check: CRAN incoming feasibility
Result: NOTE
Maintainer: ‘Aidan Lakshman <ahl27@pitt.edu>’
The BugReports field in DESCRIPTION has
https://github.com/ahl27/froth/issues/new/choose
which should likely be
https://github.com/ahl27/froth/issues/new/choose/issues
instead.
Flavors: r-devel-linux-x86_64-debian-clang, r-devel-linux-x86_64-debian-gcc
These binaries (installable software) and packages are in development.
They may not be fully stable and should be used with caution. We make no claims about them.