Last updated on 2025-10-25 11:48:33 CEST.
| Flavor | Version | Tinstall | Tcheck | Ttotal | Status | Flags |
|---|---|---|---|---|---|---|
| r-devel-linux-x86_64-debian-clang | 0.4.5 | 7.35 | 69.08 | 76.43 | NOTE | |
| r-devel-linux-x86_64-debian-gcc | 0.4.5 | 5.71 | 46.65 | 52.36 | NOTE | |
| r-devel-linux-x86_64-fedora-clang | 0.4.5 | 27.00 | 84.69 | 111.69 | OK | |
| r-devel-linux-x86_64-fedora-gcc | 0.4.5 | 16.00 | 87.52 | 103.52 | OK | |
| r-devel-windows-x86_64 | 0.4.5 | 9.00 | 84.00 | 93.00 | OK | |
| r-patched-linux-x86_64 | 0.4.5 | 8.03 | 63.64 | 71.67 | OK | |
| r-release-linux-x86_64 | 0.4.5 | 7.43 | 63.69 | 71.12 | OK | |
| r-release-macos-arm64 | 0.4.5 | 5.00 | 45.00 | 50.00 | OK | |
| r-release-macos-x86_64 | 0.4.5 | 6.00 | 55.00 | 61.00 | OK | |
| r-release-windows-x86_64 | 0.4.5 | 10.00 | 88.00 | 98.00 | OK | |
| r-oldrel-macos-arm64 | 0.4.5 | 3.00 | 29.00 | 32.00 | OK | |
| r-oldrel-macos-x86_64 | 0.4.5 | 6.00 | 47.00 | 53.00 | OK | |
| r-oldrel-windows-x86_64 | 0.4.5 | 12.00 | 108.00 | 120.00 | OK |
Version: 0.4.5
Check: CRAN incoming feasibility
Result: NOTE
Maintainer: ‘Carlos Miranda <carlos.miranda@unavarra.es>’
No Authors@R field in DESCRIPTION.
Please add one, modifying
Authors@R: person(given = "Carlos",
family = "Miranda",
role = c("aut", "cre"),
email = "carlos.miranda@unavarra.es")
as necessary.
Flavors: r-devel-linux-x86_64-debian-clang, r-devel-linux-x86_64-debian-gcc
These binaries (installable software) and packages are in development.
They may not be fully stable and should be used with caution. We make no claims about them.