Last updated on 2025-07-02 03:50:41 CEST.
Flavor | Version | Tinstall | Tcheck | Ttotal | Status | Flags |
---|---|---|---|---|---|---|
r-devel-linux-x86_64-debian-clang | 1.6.6 | 40.10 | 62.90 | 103.00 | OK | |
r-devel-linux-x86_64-debian-gcc | 1.6.6 | 32.49 | 44.58 | 77.07 | OK | |
r-devel-linux-x86_64-fedora-clang | 1.6.6 | 176.70 | OK | |||
r-devel-linux-x86_64-fedora-gcc | 1.6.6 | 182.70 | OK | |||
r-devel-windows-x86_64 | 1.6.6 | 103.00 | 82.00 | 185.00 | OK | |
r-patched-linux-x86_64 | OK | |||||
r-release-linux-x86_64 | 1.6.6 | 35.42 | 57.43 | 92.85 | OK | |
r-release-macos-arm64 | 1.6.6 | 100.00 | OK | |||
r-release-macos-x86_64 | 1.6.6 | 168.00 | OK | |||
r-release-windows-x86_64 | 1.6.6 | 102.00 | 79.00 | 181.00 | OK | |
r-oldrel-macos-arm64 | 1.6.6 | 96.00 | NOTE | |||
r-oldrel-macos-x86_64 | 1.6.6 | 167.00 | NOTE | |||
r-oldrel-windows-x86_64 | 1.6.6 | 108.00 | 93.00 | 201.00 | NOTE |
Version: 1.6.6
Check: for GNU extensions in Makefiles
Result: NOTE
GNU make is a SystemRequirements.
Flavors: r-oldrel-macos-arm64, r-oldrel-macos-x86_64, r-oldrel-windows-x86_64
These binaries (installable software) and packages are in development.
They may not be fully stable and should be used with caution. We make no claims about them.