Last updated on 2025-11-12 12:53:10 CET.
| Flavor | Version | Tinstall | Tcheck | Ttotal | Status | Flags |
|---|---|---|---|---|---|---|
| r-devel-linux-x86_64-debian-clang | 1.6.6 | 40.45 | 63.09 | 103.54 | OK | |
| r-devel-linux-x86_64-debian-gcc | 1.6.6 | 31.91 | 45.52 | 77.43 | OK | |
| r-devel-linux-x86_64-fedora-clang | 1.6.6 | 150.00 | 30.04 | 180.04 | OK | |
| r-devel-linux-x86_64-fedora-gcc | 1.6.6 | 107.00 | 74.10 | 181.10 | OK | |
| r-devel-windows-x86_64 | 1.6.6 | 105.00 | 86.00 | 191.00 | OK | |
| r-patched-linux-x86_64 | 1.6.6 | 35.32 | 59.59 | 94.91 | OK | |
| r-release-linux-x86_64 | 1.6.6 | 35.15 | 59.67 | 94.82 | OK | |
| r-release-macos-arm64 | 1.6.6 | 39.00 | 61.00 | 100.00 | OK | |
| r-release-macos-x86_64 | 1.6.6 | 61.00 | 107.00 | 168.00 | OK | |
| r-release-windows-x86_64 | 1.6.6 | 102.00 | 78.00 | 180.00 | OK | |
| r-oldrel-macos-arm64 | 1.6.6 | 40.00 | 56.00 | 96.00 | NOTE | |
| r-oldrel-macos-x86_64 | 1.6.6 | 60.00 | 107.00 | 167.00 | NOTE | |
| r-oldrel-windows-x86_64 | 1.6.6 | 105.00 | 97.00 | 202.00 | NOTE |
Version: 1.6.6
Check: for GNU extensions in Makefiles
Result: NOTE
GNU make is a SystemRequirements.
Flavors: r-oldrel-macos-arm64, r-oldrel-macos-x86_64, r-oldrel-windows-x86_64
These binaries (installable software) and packages are in development.
They may not be fully stable and should be used with caution. We make no claims about them.