Last updated on 2024-07-27 15:50:18 CEST.
Flavor | Version | Tinstall | Tcheck | Ttotal | Status | Flags |
---|---|---|---|---|---|---|
r-devel-linux-x86_64-debian-clang | 1.6.4 | 48.86 | 73.77 | 122.63 | NOTE | |
r-devel-linux-x86_64-debian-gcc | 1.6.4 | NOTE | ||||
r-devel-linux-x86_64-fedora-clang | 1.6.4 | 176.11 | NOTE | |||
r-devel-linux-x86_64-fedora-gcc | 1.6.4 | 177.70 | NOTE | |||
r-devel-windows-x86_64 | 1.6.4 | 93.00 | 77.00 | 170.00 | NOTE | |
r-patched-linux-x86_64 | 1.6.4 | NOTE | ||||
r-release-linux-x86_64 | 1.6.4 | 42.81 | 71.51 | 114.32 | NOTE | |
r-release-macos-arm64 | 1.6.4 | 103.00 | NOTE | |||
r-release-macos-x86_64 | 1.6.4 | 107.00 | NOTE | |||
r-release-windows-x86_64 | 1.6.4 | 95.00 | 77.00 | 172.00 | NOTE | |
r-oldrel-macos-arm64 | 1.6.4 | 111.00 | NOTE | |||
r-oldrel-macos-x86_64 | 1.6.4 | 211.00 | NOTE | |||
r-oldrel-windows-x86_64 | 1.6.4 | 93.00 | 89.00 | 182.00 | NOTE |
Version: 1.6.4
Check: for GNU extensions in Makefiles
Result: NOTE
GNU make is a SystemRequirements.
Flavors: r-devel-linux-x86_64-debian-clang, r-devel-linux-x86_64-debian-gcc, r-devel-linux-x86_64-fedora-clang, r-devel-linux-x86_64-fedora-gcc, r-devel-windows-x86_64, r-patched-linux-x86_64, r-release-linux-x86_64, r-release-macos-arm64, r-release-macos-x86_64, r-release-windows-x86_64, r-oldrel-macos-arm64, r-oldrel-macos-x86_64, r-oldrel-windows-x86_64
These binaries (installable software) and packages are in development.
They may not be fully stable and should be used with caution. We make no claims about them.