CRAN Package Check Results for Package fs

Last updated on 2025-05-08 04:52:05 CEST.

Flavor Version Tinstall Tcheck Ttotal Status Flags
r-devel-linux-x86_64-debian-clang 1.6.6 41.17 61.36 102.53 OK
r-devel-linux-x86_64-debian-gcc 1.6.6 32.16 43.51 75.67 OK
r-devel-linux-x86_64-fedora-clang 1.6.6 175.15 OK
r-devel-linux-x86_64-fedora-gcc 1.6.6 190.18 OK
r-devel-windows-x86_64 1.6.6 97.00 80.00 177.00 OK
r-patched-linux-x86_64 1.6.6 36.30 57.14 93.44 OK
r-release-linux-x86_64 1.6.6 34.45 57.37 91.82 OK
r-release-macos-arm64 1.6.6 100.00 OK
r-release-macos-x86_64 1.6.6 168.00 OK
r-release-windows-x86_64 1.6.6 100.00 87.00 187.00 OK
r-oldrel-macos-arm64 1.6.6 96.00 NOTE
r-oldrel-macos-x86_64 1.6.6 167.00 NOTE
r-oldrel-windows-x86_64 1.6.6 104.00 90.00 194.00 NOTE

Check Details

Version: 1.6.6
Check: for GNU extensions in Makefiles
Result: NOTE GNU make is a SystemRequirements. Flavors: r-oldrel-macos-arm64, r-oldrel-macos-x86_64, r-oldrel-windows-x86_64

These binaries (installable software) and packages are in development.
They may not be fully stable and should be used with caution. We make no claims about them.