CRAN Package Check Results for Package fso

Last updated on 2025-05-01 17:56:03 CEST.

Flavor Version Tinstall Tcheck Ttotal Status Flags
r-devel-linux-x86_64-debian-clang 2.1-2 9.24 60.00 69.24 NOTE
r-devel-linux-x86_64-debian-gcc 2.1-2 6.73 45.88 52.61 NOTE
r-devel-linux-x86_64-fedora-clang 2.1-2 105.12 OK
r-devel-linux-x86_64-fedora-gcc 2.1-2 101.99 OK
r-devel-windows-x86_64 2.1-2 11.00 79.00 90.00 NOTE
r-patched-linux-x86_64 2.1-2 7.38 57.77 65.15 NOTE
r-release-linux-x86_64 NOTE
r-release-macos-arm64 2.1-2 39.00 OK
r-release-macos-x86_64 2.1-2 59.00 OK
r-release-windows-x86_64 2.1-2 12.00 90.00 102.00 NOTE
r-oldrel-macos-arm64 2.1-2 33.00 OK
r-oldrel-macos-x86_64 2.1-2 47.00 OK
r-oldrel-windows-x86_64 2.1-2 14.00 86.00 100.00 OK

Check Details

Version: 2.1-2
Check: CRAN incoming feasibility
Result: NOTE Maintainer: ‘David W. Roberts <droberts@montana.edu>’ No Authors@R field in DESCRIPTION. Please add one, modifying Authors@R: person(given = c("David", "W."), family = "Roberts", role = c("aut", "cre"), email = "droberts@montana.edu") as necessary. Flavors: r-devel-linux-x86_64-debian-clang, r-devel-linux-x86_64-debian-gcc

Version: 2.1-2
Check: Rd cross-references
Result: NOTE Found the following Rd file(s) with Rd \link{} targets missing package anchors: fso.Rd: dsvdis mfso.Rd: dsvdis plot.mfso.Rd: dsvdis step.mfso.Rd: dsvdis Please provide package anchors for all Rd \link{} targets not in the package itself and the base packages. Flavors: r-devel-linux-x86_64-debian-clang, r-devel-linux-x86_64-debian-gcc, r-devel-windows-x86_64, r-patched-linux-x86_64, r-release-linux-x86_64, r-release-windows-x86_64

These binaries (installable software) and packages are in development.
They may not be fully stable and should be used with caution. We make no claims about them.