Last updated on 2025-02-16 10:50:46 CET.
Flavor | Version | Tinstall | Tcheck | Ttotal | Status | Flags |
---|---|---|---|---|---|---|
r-devel-linux-x86_64-debian-clang | 2.1-2 | 7.78 | 58.78 | 66.56 | NOTE | |
r-devel-linux-x86_64-debian-gcc | 2.1-2 | 5.73 | 43.36 | 49.09 | NOTE | |
r-devel-linux-x86_64-fedora-clang | 2.1-2 | 107.40 | OK | |||
r-devel-linux-x86_64-fedora-gcc | 2.1-2 | 102.55 | OK | |||
r-devel-macos-arm64 | 2.1-2 | 34.00 | OK | |||
r-devel-macos-x86_64 | 2.1-2 | 59.00 | OK | |||
r-devel-windows-x86_64 | 2.1-2 | 11.00 | 72.00 | 83.00 | NOTE | |
r-patched-linux-x86_64 | 2.1-2 | 10.90 | 55.44 | 66.34 | OK | |
r-release-linux-x86_64 | 2.1-2 | 7.49 | 56.14 | 63.63 | OK | |
r-release-macos-arm64 | 2.1-2 | 33.00 | OK | |||
r-release-macos-x86_64 | 2.1-2 | 47.00 | OK | |||
r-release-windows-x86_64 | 2.1-2 | 12.00 | 75.00 | 87.00 | OK | |
r-oldrel-macos-arm64 | 2.1-2 | 35.00 | OK | |||
r-oldrel-macos-x86_64 | 2.1-2 | 56.00 | OK | |||
r-oldrel-windows-x86_64 | 2.1-2 | 13.00 | 82.00 | 95.00 | OK |
Version: 2.1-2
Check: Rd cross-references
Result: NOTE
Found the following Rd file(s) with Rd \link{} targets missing package
anchors:
fso.Rd: dsvdis
mfso.Rd: dsvdis
plot.mfso.Rd: dsvdis
step.mfso.Rd: dsvdis
Please provide package anchors for all Rd \link{} targets not in the
package itself and the base packages.
Flavors: r-devel-linux-x86_64-debian-clang, r-devel-linux-x86_64-debian-gcc, r-devel-windows-x86_64
These binaries (installable software) and packages are in development.
They may not be fully stable and should be used with caution. We make no claims about them.