CRAN Package Check Results for Package fsthet

Last updated on 2025-05-08 04:52:05 CEST.

Flavor Version Tinstall Tcheck Ttotal Status Flags
r-devel-linux-x86_64-debian-clang 1.0.1 3.51 110.28 113.79 NOTE
r-devel-linux-x86_64-debian-gcc 1.0.1 2.88 67.73 70.61 NOTE
r-devel-linux-x86_64-fedora-clang 1.0.1 173.47 OK
r-devel-linux-x86_64-fedora-gcc 1.0.1 185.24 OK
r-devel-windows-x86_64 1.0.1 8.00 113.00 121.00 OK
r-patched-linux-x86_64 1.0.1 3.91 105.84 109.75 OK
r-release-linux-x86_64 1.0.1 3.62 104.91 108.53 OK
r-release-macos-arm64 1.0.1 56.00 OK
r-release-macos-x86_64 1.0.1 127.00 OK
r-release-windows-x86_64 1.0.1 8.00 117.00 125.00 OK
r-oldrel-macos-arm64 1.0.1 50.00 OK
r-oldrel-macos-x86_64 1.0.1 104.00 OK
r-oldrel-windows-x86_64 1.0.1 9.00 153.00 162.00 OK

Check Details

Version: 1.0.1
Check: CRAN incoming feasibility
Result: NOTE Maintainer: ‘Sarah P. Flanagan <spflanagan.phd@gmail.com>’ No Authors@R field in DESCRIPTION. Please add one, modifying Authors@R: c(person(given = c("Sarah", "P."), family = "Flanagan", role = c("aut", "cre"), email = "spflanagan.phd@gmail.com"), person(given = c("Adam", "G."), family = "Jones", role = "aut")) as necessary. Flavors: r-devel-linux-x86_64-debian-clang, r-devel-linux-x86_64-debian-gcc

These binaries (installable software) and packages are in development.
They may not be fully stable and should be used with caution. We make no claims about them.