Last updated on 2025-02-16 10:50:46 CET.
Flavor | Version | Tinstall | Tcheck | Ttotal | Status | Flags |
---|---|---|---|---|---|---|
r-devel-linux-x86_64-debian-clang | 0.0.3 | 1.69 | 21.99 | 23.68 | ERROR | |
r-devel-linux-x86_64-debian-gcc | 0.0.3 | 1.32 | 17.69 | 19.01 | OK | |
r-devel-linux-x86_64-fedora-clang | 0.0.3 | 39.10 | OK | |||
r-devel-linux-x86_64-fedora-gcc | 0.0.3 | 50.31 | OK | |||
r-devel-macos-arm64 | 0.0.3 | 20.00 | OK | |||
r-devel-macos-x86_64 | 0.0.3 | 38.00 | OK | |||
r-devel-windows-x86_64 | 0.0.3 | 3.00 | 43.00 | 46.00 | OK | |
r-patched-linux-x86_64 | 0.0.3 | 1.65 | 20.59 | 22.24 | OK | |
r-release-linux-x86_64 | 0.0.3 | 1.61 | 20.70 | 22.31 | OK | |
r-release-macos-arm64 | 0.0.3 | 44.00 | OK | |||
r-release-macos-x86_64 | 0.0.3 | 69.00 | OK | |||
r-release-windows-x86_64 | 0.0.3 | 3.00 | 44.00 | 47.00 | OK | |
r-oldrel-macos-arm64 | 0.0.3 | 47.00 | OK | |||
r-oldrel-macos-x86_64 | 0.0.3 | 59.00 | OK | |||
r-oldrel-windows-x86_64 | 0.0.3 | 3.00 | 67.00 | 70.00 | OK |
Version: 0.0.3
Check: tests
Result: ERROR
Running ‘testthat.R’ [1s/2s]
Running the tests in ‘tests/testthat.R’ failed.
Complete output:
> # This file is part of the standard setup for testthat.
> # It is recommended that you do not modify it.
> #
> # Where should you do additional test configuration?
> # Learn more about the roles of various files in:
> # * https://r-pkgs.org/testing-design.html#sec-tests-files-overview
> # * https://testthat.r-lib.org/articles/special-files.html
>
> library(testthat)
> library(fucom)
>
> test_check("fucom")
[ FAIL 2 | WARN 0 | SKIP 0 | PASS 8 ]
══ Failed tests ════════════════════════════════════════════════════════════════
── Failure ('test-fucom.R:87:3'): Test data from DOI org/10.3390/sym10090393 (Another Example) ──
round(as.vector(result$weights[]), digits = 4) (`actual`) not equal to c(0.4211, 0.2105, 0.2105, 0.1053, 0.0526) (`expected`).
`actual`: 0.4216 0.2102 0.2102 0.1054 0.0526
`expected`: 0.4211 0.2105 0.2105 0.1053 0.0526
── Failure ('test-fucom.R:94:3'): Test data from DOI org/10.3390/sym10090393 (Another Example) ──
round(as.vector(result$DFC), digits = 4) (`actual`) not equal to 0 (`expected`).
`actual`: 0.0061
`expected`: 0.0000
[ FAIL 2 | WARN 0 | SKIP 0 | PASS 8 ]
Error: Test failures
Execution halted
Flavor: r-devel-linux-x86_64-debian-clang
These binaries (installable software) and packages are in development.
They may not be fully stable and should be used with caution. We make no claims about them.