CRAN Package Check Results for Package fude

Last updated on 2025-02-23 07:51:53 CET.

Flavor Version Tinstall Tcheck Ttotal Status Flags
r-devel-linux-x86_64-debian-clang 0.3.7 7.06 34.20 41.26 NOTE
r-devel-linux-x86_64-debian-gcc 0.3.7 5.40 28.30 33.70 NOTE
r-devel-linux-x86_64-fedora-clang 0.3.7 65.65 NOTE
r-devel-linux-x86_64-fedora-gcc 0.3.7 63.47 NOTE
r-devel-macos-arm64 0.3.7 32.00 OK
r-devel-macos-x86_64 0.3.7 81.00 NOTE
r-devel-windows-x86_64 0.3.7 11.00 62.00 73.00 NOTE
r-patched-linux-x86_64 0.3.7 7.83 32.65 40.48 OK
r-release-linux-x86_64 0.3.7 7.67 33.11 40.78 OK
r-release-macos-arm64 0.3.7 32.00 OK
r-release-macos-x86_64 0.3.7 55.00 OK
r-release-windows-x86_64 0.3.7 11.00 61.00 72.00 OK
r-oldrel-macos-arm64 0.3.7 33.00 OK
r-oldrel-macos-x86_64 0.3.7 53.00 OK
r-oldrel-windows-x86_64 0.3.7 14.00 67.00 81.00 OK

Check Details

Version: 0.3.7
Check: DESCRIPTION meta-information
Result: NOTE Missing dependency on R >= 4.1.0 because package code uses the pipe |> or function shorthand \(...) syntax added in R 4.1.0. File(s) using such syntax: ‘combine_fude.R’ ‘extract_fude.R’ ‘get_boundary.R’ ‘ls_fude.R’ ‘read_fude.R’ Flavors: r-devel-linux-x86_64-debian-clang, r-devel-linux-x86_64-debian-gcc, r-devel-linux-x86_64-fedora-clang, r-devel-linux-x86_64-fedora-gcc, r-devel-macos-x86_64, r-devel-windows-x86_64

These binaries (installable software) and packages are in development.
They may not be fully stable and should be used with caution. We make no claims about them.