CRAN Package Check Results for Package fude

Last updated on 2025-10-23 11:50:14 CEST.

Flavor Version Tinstall Tcheck Ttotal Status Flags
r-devel-linux-x86_64-debian-clang 0.3.7 7.71 38.47 46.18 NOTE
r-devel-linux-x86_64-debian-gcc 0.3.7 6.24 30.74 36.98 NOTE
r-devel-linux-x86_64-fedora-clang 0.3.7 59.00 9.80 68.80 NOTE
r-devel-linux-x86_64-fedora-gcc 0.3.7 18.00 47.76 65.76 NOTE
r-devel-windows-x86_64 0.3.7 11.00 61.00 72.00 NOTE
r-patched-linux-x86_64 0.3.7 8.38 36.00 44.38 NOTE
r-release-linux-x86_64 0.3.7 7.46 36.03 43.49 NOTE
r-release-macos-arm64 0.3.7 6.00 43.00 49.00 NOTE
r-release-macos-x86_64 0.3.7 17.00 64.00 81.00 NOTE
r-release-windows-x86_64 0.3.7 12.00 62.00 74.00 NOTE
r-oldrel-macos-arm64 0.3.7 5.00 27.00 32.00 OK
r-oldrel-macos-x86_64 0.3.7 9.00 46.00 55.00 OK
r-oldrel-windows-x86_64 0.3.7 15.00 70.00 85.00 OK

Check Details

Version: 0.3.7
Check: DESCRIPTION meta-information
Result: NOTE Missing dependency on R >= 4.1.0 because package code uses the pipe |> or function shorthand \(...) syntax added in R 4.1.0. File(s) using such syntax: ‘combine_fude.R’ ‘extract_fude.R’ ‘get_boundary.R’ ‘ls_fude.R’ ‘read_fude.R’ ‘rename_fude.Rd’ Flavors: r-devel-linux-x86_64-debian-clang, r-devel-linux-x86_64-debian-gcc, r-devel-linux-x86_64-fedora-clang, r-devel-linux-x86_64-fedora-gcc, r-devel-windows-x86_64, r-patched-linux-x86_64, r-release-linux-x86_64, r-release-macos-arm64, r-release-windows-x86_64

Version: 0.3.7
Check: DESCRIPTION meta-information
Result: NOTE Missing dependency on R >= 4.1.0 because package code uses the pipe |> or function shorthand \(...) syntax added in R 4.1.0. File(s) using such syntax: ‘combine_fude.R’ ‘extract_fude.R’ ‘get_boundary.R’ ‘ls_fude.R’ ‘read_fude.R’ Flavor: r-release-macos-x86_64

These binaries (installable software) and packages are in development.
They may not be fully stable and should be used with caution. We make no claims about them.