Last updated on 2025-11-15 15:50:45 CET.
| Flavor | Version | Tinstall | Tcheck | Ttotal | Status | Flags |
|---|---|---|---|---|---|---|
| r-devel-linux-x86_64-debian-clang | 1.5.2 | 19.37 | 351.90 | 371.27 | NOTE | |
| r-devel-linux-x86_64-debian-gcc | 1.5.2 | 11.85 | 235.35 | 247.20 | NOTE | |
| r-devel-linux-x86_64-fedora-clang | 1.5.2 | 53.00 | 535.51 | 588.51 | OK | |
| r-devel-linux-x86_64-fedora-gcc | 1.5.2 | 45.00 | 530.95 | 575.95 | OK | |
| r-devel-windows-x86_64 | 1.5.2 | 24.00 | 318.00 | 342.00 | OK | |
| r-patched-linux-x86_64 | 1.5.2 | 18.41 | 341.22 | 359.63 | OK | |
| r-release-linux-x86_64 | 1.5.2 | 19.53 | 342.91 | 362.44 | OK | |
| r-release-macos-arm64 | 1.5.2 | 8.00 | 129.00 | 137.00 | OK | |
| r-release-macos-x86_64 | 1.5.2 | 17.00 | 276.00 | 293.00 | OK | |
| r-release-windows-x86_64 | 1.5.2 | 23.00 | 320.00 | 343.00 | OK | |
| r-oldrel-macos-arm64 | 1.5.2 | 8.00 | 122.00 | 130.00 | OK | |
| r-oldrel-macos-x86_64 | 1.5.2 | 13.00 | 188.00 | 201.00 | OK | |
| r-oldrel-windows-x86_64 | 1.5.2 | 31.00 | 421.00 | 452.00 | OK |
Version: 1.5.2
Check: CRAN incoming feasibility
Result: NOTE
Maintainer: ‘Aimee Lee Houde <aimee.lee.houde@gmail.com>’
No Authors@R field in DESCRIPTION.
Please add one, modifying
Authors@R: c(person(given = c("Aimee", "Lee"),
family = "Houde",
role = c("aut", "cre"),
email = "aimee.lee.houde@gmail.com"),
person(given = "Trevor",
family = "Pitcher",
role = "aut"))
as necessary.
Flavors: r-devel-linux-x86_64-debian-clang, r-devel-linux-x86_64-debian-gcc
These binaries (installable software) and packages are in development.
They may not be fully stable and should be used with caution. We make no claims about them.