CRAN Package Check Results for Package fullfact

Last updated on 2025-05-01 14:49:10 CEST.

Flavor Version Tinstall Tcheck Ttotal Status Flags
r-devel-linux-x86_64-debian-clang 1.5.2 21.38 295.66 317.04 NOTE
r-devel-linux-x86_64-debian-gcc 1.5.2 13.74 201.89 215.63 NOTE
r-devel-linux-x86_64-fedora-clang 1.5.2 487.81 OK
r-devel-linux-x86_64-fedora-gcc 1.5.2 476.60 OK
r-devel-windows-x86_64 1.5.2 23.00 269.00 292.00 OK
r-patched-linux-x86_64 1.5.2 19.42 281.34 300.76 OK
r-release-linux-x86_64 OK
r-release-macos-arm64 1.5.2 137.00 OK
r-release-macos-x86_64 1.5.2 293.00 OK
r-release-windows-x86_64 1.5.2 22.00 275.00 297.00 OK
r-oldrel-macos-arm64 1.5.2 130.00 OK
r-oldrel-macos-x86_64 1.5.2 201.00 OK
r-oldrel-windows-x86_64 1.5.2 28.00 286.00 314.00 OK

Check Details

Version: 1.5.2
Check: CRAN incoming feasibility
Result: NOTE Maintainer: ‘Aimee Lee Houde <aimee.lee.houde@gmail.com>’ No Authors@R field in DESCRIPTION. Please add one, modifying Authors@R: c(person(given = c("Aimee", "Lee"), family = "Houde", role = c("aut", "cre"), email = "aimee.lee.houde@gmail.com"), person(given = "Trevor", family = "Pitcher", role = "aut")) as necessary. Flavors: r-devel-linux-x86_64-debian-clang, r-devel-linux-x86_64-debian-gcc

Version: 1.5.2
Check: examples
Result: NOTE Examples with CPU (user + system) or elapsed time > 5s user system elapsed observLmer3 4.114 0.021 5.985 Flavor: r-devel-linux-x86_64-debian-clang

These binaries (installable software) and packages are in development.
They may not be fully stable and should be used with caution. We make no claims about them.