Last updated on 2025-02-16 10:50:46 CET.
Flavor | Version | Tinstall | Tcheck | Ttotal | Status | Flags |
---|---|---|---|---|---|---|
r-devel-linux-x86_64-debian-clang | 0.3 | 2.56 | 21.60 | 24.16 | NOTE | |
r-devel-linux-x86_64-debian-gcc | 0.3 | 2.07 | 17.32 | 19.39 | NOTE | |
r-devel-linux-x86_64-fedora-clang | 0.3 | 37.80 | OK | |||
r-devel-linux-x86_64-fedora-gcc | 0.3 | 35.38 | OK | |||
r-devel-macos-arm64 | 0.3 | 13.00 | OK | |||
r-devel-macos-x86_64 | 0.3 | 31.00 | OK | |||
r-devel-windows-x86_64 | 0.3 | 3.00 | 49.00 | 52.00 | OK | |
r-patched-linux-x86_64 | 0.3 | 2.29 | 19.43 | 21.72 | OK | |
r-release-linux-x86_64 | 0.3 | 2.06 | 19.78 | 21.84 | OK | |
r-release-macos-arm64 | 0.3 | 15.00 | OK | |||
r-release-macos-x86_64 | 0.3 | 27.00 | OK | |||
r-release-windows-x86_64 | 0.3 | 3.00 | 39.00 | 42.00 | OK | |
r-oldrel-macos-arm64 | 0.3 | 18.00 | OK | |||
r-oldrel-macos-x86_64 | 0.3 | 21.00 | OK | |||
r-oldrel-windows-x86_64 | 0.3 | 4.00 | 40.00 | 44.00 | OK |
Version: 0.3
Check: for unstated dependencies in ‘demo’
Result: NOTE
'library' or 'require' calls not declared from:
‘rgl’ ‘tuneR’
Flavors: r-devel-linux-x86_64-debian-clang, r-devel-linux-x86_64-debian-gcc
These binaries (installable software) and packages are in development.
They may not be fully stable and should be used with caution. We make no claims about them.