CRAN Package Check Results for Package fun

Last updated on 2025-11-11 17:49:59 CET.

Flavor Version Tinstall Tcheck Ttotal Status Flags
r-devel-linux-x86_64-debian-clang 0.3 2.42 24.49 26.91 NOTE
r-devel-linux-x86_64-debian-gcc 0.3 1.84 19.48 21.32 NOTE
r-devel-linux-x86_64-fedora-clang 0.3 38.04 OK
r-devel-linux-x86_64-fedora-gcc 0.3 35.45 OK
r-devel-windows-x86_64 0.3 4.00 39.00 43.00 OK
r-patched-linux-x86_64 0.3 2.67 22.86 25.53 NOTE
r-release-linux-x86_64 0.3 2.49 22.96 25.45 NOTE
r-release-macos-arm64 0.3 1.00 16.00 17.00 OK
r-release-macos-x86_64 0.3 2.00 28.00 30.00 OK
r-release-windows-x86_64 0.3 3.00 38.00 41.00 OK
r-oldrel-macos-arm64 0.3 1.00 14.00 15.00 OK
r-oldrel-macos-x86_64 0.3 2.00 25.00 27.00 OK
r-oldrel-windows-x86_64 0.3 3.00 39.00 42.00 OK

Check Details

Version: 0.3
Check: for unstated dependencies in ‘demo’
Result: NOTE 'library' or 'require' calls not declared from: ‘rgl’ ‘tuneR’ Flavors: r-devel-linux-x86_64-debian-clang, r-devel-linux-x86_64-debian-gcc, r-patched-linux-x86_64, r-release-linux-x86_64

These binaries (installable software) and packages are in development.
They may not be fully stable and should be used with caution. We make no claims about them.