Last updated on 2025-05-01 12:49:28 CEST.
Flavor | Version | Tinstall | Tcheck | Ttotal | Status | Flags |
---|---|---|---|---|---|---|
r-devel-linux-x86_64-debian-clang | 1.2 | 7.32 | 66.02 | 73.34 | NOTE | |
r-devel-linux-x86_64-debian-gcc | 1.2 | 6.65 | 51.44 | 58.09 | NOTE | |
r-devel-linux-x86_64-fedora-clang | 1.2 | 115.09 | OK | |||
r-devel-linux-x86_64-fedora-gcc | 1.2 | 108.36 | OK | |||
r-devel-windows-x86_64 | 1.2 | 8.00 | 85.00 | 93.00 | OK | |
r-patched-linux-x86_64 | 1.2 | 7.33 | 64.13 | 71.46 | OK | |
r-release-linux-x86_64 | OK | |||||
r-release-macos-arm64 | 1.2 | 38.00 | OK | |||
r-release-macos-x86_64 | 1.2 | 66.00 | OK | |||
r-release-windows-x86_64 | 1.2 | 9.00 | 89.00 | 98.00 | OK | |
r-oldrel-macos-arm64 | 1.2 | 36.00 | OK | |||
r-oldrel-macos-x86_64 | 1.2 | 52.00 | OK | |||
r-oldrel-windows-x86_64 | 1.2 | 11.00 | 95.00 | 106.00 | OK |
Version: 1.2
Check: CRAN incoming feasibility
Result: NOTE
Maintainer: ‘Charles Bouveyron <charles.bouveyron@gmail.com>’
No Authors@R field in DESCRIPTION.
Please add one, modifying
Authors@R: person(given = "Charles",
family = "Bouveyron",
role = c("aut", "cre"),
email = "charles.bouveyron@gmail.com")
as necessary.
Flavors: r-devel-linux-x86_64-debian-clang, r-devel-linux-x86_64-debian-gcc
These binaries (installable software) and packages are in development.
They may not be fully stable and should be used with caution. We make no claims about them.