CRAN Package Check Results for Package funLBM

Last updated on 2025-02-16 10:50:46 CET.

Flavor Version Tinstall Tcheck Ttotal Status Flags
r-devel-linux-x86_64-debian-clang 2.3 11.09 87.34 98.43 NOTE
r-devel-linux-x86_64-debian-gcc 2.3 8.10 63.73 71.83 NOTE
r-devel-linux-x86_64-fedora-clang 2.3 160.19 NOTE
r-devel-linux-x86_64-fedora-gcc 2.3 146.19 NOTE
r-devel-macos-arm64 2.3 50.00 NOTE
r-devel-macos-x86_64 2.3 118.00 NOTE
r-devel-windows-x86_64 2.3 11.00 107.00 118.00 NOTE
r-patched-linux-x86_64 2.3 18.17 81.01 99.18 NOTE
r-release-linux-x86_64 2.3 9.27 81.63 90.90 NOTE
r-release-macos-arm64 2.3 46.00 NOTE
r-release-macos-x86_64 2.3 71.00 NOTE
r-release-windows-x86_64 2.3 12.00 101.00 113.00 NOTE
r-oldrel-macos-arm64 2.3 51.00 OK
r-oldrel-macos-x86_64 2.3 67.00 OK
r-oldrel-windows-x86_64 2.3 16.00 118.00 134.00 OK

Check Details

Version: 2.3
Check: Rd files
Result: NOTE checkRd: (-1) plot.fd.Rd:69-71: Lost braces in \itemize; meant \describe ? checkRd: (-1) plot.fd.Rd:72-77: Lost braces in \itemize; meant \describe ? Flavors: r-devel-linux-x86_64-debian-clang, r-devel-linux-x86_64-debian-gcc, r-devel-linux-x86_64-fedora-clang, r-devel-linux-x86_64-fedora-gcc, r-devel-macos-arm64, r-devel-macos-x86_64, r-devel-windows-x86_64, r-patched-linux-x86_64, r-release-linux-x86_64, r-release-macos-arm64, r-release-macos-x86_64, r-release-windows-x86_64

Version: 2.3
Check: Rd cross-references
Result: NOTE Found the following Rd file(s) with Rd \link{} targets missing package anchors: plot.fd.Rd: lines.fd, plotfit.fd Please provide package anchors for all Rd \link{} targets not in the package itself and the base packages. Flavors: r-devel-linux-x86_64-debian-clang, r-devel-linux-x86_64-debian-gcc, r-devel-windows-x86_64

These binaries (installable software) and packages are in development.
They may not be fully stable and should be used with caution. We make no claims about them.