Last updated on 2025-05-08 04:52:05 CEST.
Flavor | Version | Tinstall | Tcheck | Ttotal | Status | Flags |
---|---|---|---|---|---|---|
r-devel-linux-x86_64-debian-clang | 1.0.0 | 166.98 | 145.49 | 312.47 | OK | |
r-devel-linux-x86_64-debian-gcc | 1.0.0 | 114.59 | 103.85 | 218.44 | OK | |
r-devel-linux-x86_64-fedora-clang | 1.0.0 | 614.00 | OK | |||
r-devel-linux-x86_64-fedora-gcc | 1.0.0 | 627.06 | OK | |||
r-devel-windows-x86_64 | 1.0.0 | 186.00 | 166.00 | 352.00 | OK | |
r-patched-linux-x86_64 | 1.0.0 | 154.86 | 135.46 | 290.32 | OK | |
r-release-linux-x86_64 | 1.0.0 | 162.79 | 137.25 | 300.04 | OK | |
r-release-macos-arm64 | 1.0.0 | 8.00 | ERROR | |||
r-release-macos-x86_64 | 1.0.0 | 18.00 | ERROR | |||
r-release-windows-x86_64 | 1.0.0 | 185.00 | 170.00 | 355.00 | OK | |
r-oldrel-macos-arm64 | 1.0.0 | 16.00 | ERROR | |||
r-oldrel-macos-x86_64 | 1.0.0 | 23.00 | ERROR | |||
r-oldrel-windows-x86_64 | 1.0.0 | 219.00 | 213.00 | 432.00 | NOTE |
Version: 1.0.0
Check: whether package can be installed
Result: ERROR
Installation failed.
Flavors: r-release-macos-arm64, r-release-macos-x86_64, r-oldrel-macos-arm64, r-oldrel-macos-x86_64
Version: 1.0.0
Check: installed package size
Result: NOTE
installed size is 6.8Mb
sub-directories of 1Mb or more:
data 4.4Mb
libs 1.6Mb
Flavor: r-oldrel-windows-x86_64
These binaries (installable software) and packages are in development.
They may not be fully stable and should be used with caution. We make no claims about them.