Last updated on 2025-05-01 15:49:31 CEST.
Flavor | Version | Tinstall | Tcheck | Ttotal | Status | Flags |
---|---|---|---|---|---|---|
r-devel-linux-x86_64-debian-clang | 1.0.3 | 11.14 | 156.16 | 167.30 | NOTE | |
r-devel-linux-x86_64-debian-gcc | 1.0.3 | 6.84 | 105.80 | 112.64 | OK | |
r-devel-linux-x86_64-fedora-clang | 1.0.3 | 257.19 | OK | |||
r-devel-linux-x86_64-fedora-gcc | 1.0.3 | 257.13 | OK | |||
r-devel-windows-x86_64 | 1.0.3 | 14.00 | 192.00 | 206.00 | OK | |
r-patched-linux-x86_64 | 1.0.3 | 11.63 | 146.70 | 158.33 | OK | |
r-release-linux-x86_64 | OK | |||||
r-release-macos-arm64 | 1.0.3 | 118.00 | OK | |||
r-release-macos-x86_64 | 1.0.3 | 152.00 | OK | |||
r-release-windows-x86_64 | 1.0.3 | 13.00 | 155.00 | 168.00 | OK | |
r-oldrel-macos-arm64 | 1.0.3 | 75.00 | OK | |||
r-oldrel-macos-x86_64 | 1.0.3 | 138.00 | OK | |||
r-oldrel-windows-x86_64 | 1.0.3 | 16.00 | 376.00 | 392.00 | OK |
Version: 1.0.3
Check: examples
Result: NOTE
Examples with CPU (user + system) or elapsed time > 5s
user system elapsed
power_exp 7.241 0.062 9.736
Flavor: r-devel-linux-x86_64-debian-clang
Version: 1.0.3
Check: examples
Result: NA
user system elapsed
power_exp 4.112 0.133 5.342
OK
Flavor: r-devel-linux-x86_64-debian-gcc
These binaries (installable software) and packages are in development.
They may not be fully stable and should be used with caution. We make no claims about them.