Last updated on 2025-05-01 12:49:28 CEST.
Flavor | Version | Tinstall | Tcheck | Ttotal | Status | Flags |
---|---|---|---|---|---|---|
r-devel-linux-x86_64-debian-clang | 0.6 | 1.49 | 16.88 | 18.37 | NOTE | |
r-devel-linux-x86_64-debian-gcc | 0.6 | 1.29 | 13.87 | 15.16 | NOTE | |
r-devel-linux-x86_64-fedora-clang | 0.6 | 28.94 | NOTE | |||
r-devel-linux-x86_64-fedora-gcc | 0.6 | 27.43 | NOTE | |||
r-devel-windows-x86_64 | 0.6 | 2.00 | 36.00 | 38.00 | NOTE | |
r-patched-linux-x86_64 | 0.6 | 1.53 | 16.36 | 17.89 | NOTE | |
r-release-linux-x86_64 | NOTE | |||||
r-release-macos-arm64 | 0.6 | 14.00 | NOTE | |||
r-release-macos-x86_64 | 0.6 | 23.00 | NOTE | |||
r-release-windows-x86_64 | 0.6 | 3.00 | 39.00 | 42.00 | NOTE | |
r-oldrel-macos-arm64 | 0.6 | 19.00 | NOTE | |||
r-oldrel-macos-x86_64 | 0.6 | 20.00 | NOTE | |||
r-oldrel-windows-x86_64 | 0.6 | 3.00 | 36.00 | 39.00 | NOTE |
Version: 0.6
Check: CRAN incoming feasibility
Result: NOTE
Maintainer: ‘Peter Danenberg <pcd@roxygen.org>’
No Authors@R field in DESCRIPTION.
Please add one, modifying
Authors@R: person(given = "Peter",
family = "Danenberg",
role = c("aut", "cre"),
email = "pcd@roxygen.org")
as necessary.
Flavors: r-devel-linux-x86_64-debian-clang, r-devel-linux-x86_64-debian-gcc
Version: 0.6
Check: DESCRIPTION meta-information
Result: NOTE
Malformed Description field: should contain one or more complete sentences.
Flavors: r-devel-linux-x86_64-debian-clang, r-devel-linux-x86_64-debian-gcc, r-devel-linux-x86_64-fedora-clang, r-devel-linux-x86_64-fedora-gcc, r-devel-windows-x86_64, r-patched-linux-x86_64, r-release-linux-x86_64, r-release-macos-arm64, r-release-macos-x86_64, r-release-windows-x86_64, r-oldrel-macos-arm64, r-oldrel-macos-x86_64, r-oldrel-windows-x86_64
These binaries (installable software) and packages are in development.
They may not be fully stable and should be used with caution. We make no claims about them.