Last updated on 2025-11-11 15:50:34 CET.
| Flavor | Version | Tinstall | Tcheck | Ttotal | Status | Flags |
|---|---|---|---|---|---|---|
| r-devel-linux-x86_64-debian-clang | 2.4.4 | 26.12 | 236.51 | 262.63 | NOTE | |
| r-devel-linux-x86_64-debian-gcc | 2.4.4 | 16.11 | 151.70 | 167.81 | NOTE | |
| r-devel-linux-x86_64-fedora-clang | 2.4.4 | 121.00 | 307.40 | 428.40 | NOTE | |
| r-devel-linux-x86_64-fedora-gcc | 2.4.4 | 49.00 | 355.42 | 404.42 | NOTE | |
| r-devel-windows-x86_64 | 2.4.4 | 28.00 | 255.00 | 283.00 | NOTE | |
| r-patched-linux-x86_64 | 2.4.4 | 26.02 | 225.55 | 251.57 | NOTE | |
| r-release-linux-x86_64 | 2.4.4 | 24.89 | 223.66 | 248.55 | NOTE | |
| r-release-macos-arm64 | 2.4.4 | 11.00 | 93.00 | 104.00 | NOTE | |
| r-release-macos-x86_64 | 2.4.4 | 40.00 | 286.00 | 326.00 | OK | |
| r-release-windows-x86_64 | 2.4.4 | 29.00 | 251.00 | 280.00 | NOTE | |
| r-oldrel-macos-arm64 | 2.4.4 | 11.00 | 88.00 | 99.00 | OK | |
| r-oldrel-macos-x86_64 | 2.4.4 | 16.00 | 134.00 | 150.00 | OK | |
| r-oldrel-windows-x86_64 | 2.4.4 | 2.00 | 9.00 | 11.00 | ERROR |
Version: 2.4.4
Check: DESCRIPTION meta-information
Result: NOTE
Missing dependency on R >= 4.1.0 because package code uses the pipe
|> or function shorthand \(...) syntax added in R 4.1.0.
File(s) using such syntax:
‘Ravgr.Rd’ ‘TaylorRussell.Rd’
Flavors: r-devel-linux-x86_64-debian-clang, r-devel-linux-x86_64-debian-gcc, r-devel-linux-x86_64-fedora-clang, r-devel-linux-x86_64-fedora-gcc, r-devel-windows-x86_64, r-patched-linux-x86_64, r-release-linux-x86_64, r-release-macos-arm64, r-release-windows-x86_64
Version: 2.4.4
Check: Rd cross-references
Result: NOTE
Found the following Rd file(s) with Rd \link{} targets missing package
anchors:
promaxQ.Rd: GPForth
Please provide package anchors for all Rd \link{} targets not in the
package itself and the base packages.
Flavors: r-devel-linux-x86_64-debian-clang, r-devel-linux-x86_64-debian-gcc, r-devel-windows-x86_64, r-patched-linux-x86_64, r-release-linux-x86_64, r-release-windows-x86_64
Version: 2.4.4
Check: package dependencies
Result: ERROR
Package required but not available: 'MBESS'
See section 'The DESCRIPTION file' in the 'Writing R Extensions'
manual.
Flavor: r-oldrel-windows-x86_64
These binaries (installable software) and packages are in development.
They may not be fully stable and should be used with caution. We make no claims about them.