Last updated on 2024-07-27 15:50:18 CEST.
Flavor | Version | Tinstall | Tcheck | Ttotal | Status | Flags |
---|---|---|---|---|---|---|
r-devel-linux-x86_64-debian-clang | 2.4.4 | 31.04 | 300.49 | 331.53 | OK | |
r-devel-linux-x86_64-debian-gcc | 2.4.4 | NOTE | ||||
r-devel-linux-x86_64-fedora-clang | 2.4.4 | 428.88 | OK | |||
r-devel-linux-x86_64-fedora-gcc | 2.4.4 | 386.36 | OK | |||
r-devel-windows-x86_64 | 2.4.4 | 29.00 | 248.00 | 277.00 | NOTE | |
r-patched-linux-x86_64 | 2.4.4 | OK | ||||
r-release-linux-x86_64 | 2.4.4 | 32.35 | 283.23 | 315.58 | OK | |
r-release-macos-arm64 | 2.4.4 | 99.00 | OK | |||
r-release-macos-x86_64 | 2.4.4 | 150.00 | OK | |||
r-release-windows-x86_64 | 2.4.4 | 26.00 | 245.00 | 271.00 | OK | |
r-oldrel-macos-arm64 | 2.4.4 | 97.00 | OK | |||
r-oldrel-macos-x86_64 | 2.4.4 | 153.00 | OK | |||
r-oldrel-windows-x86_64 | 2.4.4 | 35.00 | 315.00 | 350.00 | OK |
Version: 2.4.4
Check: Rd cross-references
Result: NOTE
Found the following Rd file(s) with Rd \link{} targets missing package
anchors:
promaxQ.Rd: GPForth
Please provide package anchors for all Rd \link{} targets not in the
package itself and the base packages.
Flavors: r-devel-linux-x86_64-debian-gcc, r-devel-windows-x86_64
These binaries (installable software) and packages are in development.
They may not be fully stable and should be used with caution. We make no claims about them.