Last updated on 2025-05-01 14:49:10 CEST.
Flavor | Version | Tinstall | Tcheck | Ttotal | Status | Flags |
---|---|---|---|---|---|---|
r-devel-linux-x86_64-debian-clang | 0.5.2 | 9.28 | 127.01 | 136.29 | NOTE | |
r-devel-linux-x86_64-debian-gcc | 0.5.2 | 6.74 | 86.11 | 92.85 | OK | |
r-devel-linux-x86_64-fedora-clang | 0.5.2 | 197.18 | OK | |||
r-devel-linux-x86_64-fedora-gcc | 0.5.2 | 194.66 | OK | |||
r-devel-windows-x86_64 | 0.5.2 | 12.00 | 144.00 | 156.00 | OK | |
r-patched-linux-x86_64 | 0.5.2 | 9.33 | 112.35 | 121.68 | OK | |
r-release-linux-x86_64 | OK | |||||
r-release-macos-arm64 | 0.5.2 | 153.00 | OK | |||
r-release-macos-x86_64 | 0.5.2 | 134.00 | OK | |||
r-release-windows-x86_64 | 0.5.2 | 12.00 | 128.00 | 140.00 | OK | |
r-oldrel-macos-arm64 | 0.5.2 | 68.00 | OK | |||
r-oldrel-macos-x86_64 | 0.5.2 | 119.00 | OK | |||
r-oldrel-windows-x86_64 | 0.5.2 | 14.00 | 309.00 | 323.00 | OK |
Version: 0.5.2
Check: examples
Result: NOTE
Examples with CPU (user + system) or elapsed time > 5s
user system elapsed
funky_heatmap 4.34 0.069 5.623
Flavor: r-devel-linux-x86_64-debian-clang
These binaries (installable software) and packages are in development.
They may not be fully stable and should be used with caution. We make no claims about them.