Last updated on 2025-05-08 04:52:05 CEST.
Flavor | Version | Tinstall | Tcheck | Ttotal | Status | Flags |
---|---|---|---|---|---|---|
r-devel-linux-x86_64-debian-clang | 1.0.2 | 12.95 | 328.94 | 341.89 | NOTE | |
r-devel-linux-x86_64-debian-gcc | 1.0.2 | 9.02 | 231.47 | 240.49 | NOTE | |
r-devel-linux-x86_64-fedora-clang | 1.0.2 | 566.77 | OK | |||
r-devel-linux-x86_64-fedora-gcc | 1.0.2 | 536.15 | OK | |||
r-devel-windows-x86_64 | 1.0.2 | 14.00 | 381.00 | 395.00 | OK | |
r-patched-linux-x86_64 | 1.0.2 | 11.32 | 307.52 | 318.84 | OK | |
r-release-linux-x86_64 | 1.0.2 | 12.45 | 311.14 | 323.59 | OK | |
r-release-macos-arm64 | 1.0.2 | 181.00 | OK | |||
r-release-macos-x86_64 | 1.0.2 | 386.00 | OK | |||
r-release-windows-x86_64 | 1.0.2 | 14.00 | 377.00 | 391.00 | OK | |
r-oldrel-macos-arm64 | 1.0.2 | 170.00 | OK | |||
r-oldrel-macos-x86_64 | 1.0.2 | 289.00 | OK | |||
r-oldrel-windows-x86_64 | 1.0.2 | 20.00 | 454.00 | 474.00 | OK |
Version: 1.0.2
Check: CRAN incoming feasibility
Result: NOTE
Maintainer: ‘John J. Dziak <dziakj1@gmail.com>’
The Description field contains
Piper & Li (2021) <arXiv:2112.03960>. The model is similar to that of
Please refer to arXiv e-prints via their arXiv DOI <doi:10.48550/arXiv.YYMM.NNNNN>.
Flavors: r-devel-linux-x86_64-debian-clang, r-devel-linux-x86_64-debian-gcc
These binaries (installable software) and packages are in development.
They may not be fully stable and should be used with caution. We make no claims about them.