CRAN Package Check Results for Package furniture

Last updated on 2025-10-23 11:50:14 CEST.

Flavor Version Tinstall Tcheck Ttotal Status Flags
r-devel-linux-x86_64-debian-clang 1.9.14 5.68 60.60 66.28 NOTE
r-devel-linux-x86_64-debian-gcc 1.9.14 3.96 43.63 47.59 OK
r-devel-linux-x86_64-fedora-clang 1.9.14 14.00 89.72 103.72 OK
r-devel-linux-x86_64-fedora-gcc 1.9.14 13.00 98.65 111.65 OK
r-devel-windows-x86_64 1.9.14 8.00 75.00 83.00 OK
r-patched-linux-x86_64 1.9.14 5.89 56.09 61.98 OK
r-release-linux-x86_64 1.9.14 5.04 55.82 60.86 OK
r-release-macos-arm64 1.9.14 3.00 63.00 66.00 OK
r-release-macos-x86_64 1.9.14 6.00 66.00 72.00 OK
r-release-windows-x86_64 1.9.14 8.00 76.00 84.00 OK
r-oldrel-macos-arm64 1.9.14 2.00 33.00 35.00 OK
r-oldrel-macos-x86_64 1.9.14 4.00 53.00 57.00 OK
r-oldrel-windows-x86_64 1.9.14 10.00 90.00 100.00 OK

Check Details

Version: 1.9.14
Check: HTML version of manual
Result: NOTE Found the following HTML validation problems: to_latex.html:93:1 (to_latex.Rd:39): Warning: missing </ul> before </div> Flavor: r-devel-linux-x86_64-debian-clang

These binaries (installable software) and packages are in development.
They may not be fully stable and should be used with caution. We make no claims about them.