Last updated on 2025-05-01 14:49:10 CEST.
Flavor | Version | Tinstall | Tcheck | Ttotal | Status | Flags |
---|---|---|---|---|---|---|
r-devel-linux-x86_64-debian-clang | 1.4.3 | 2.47 | 22.72 | 25.19 | NOTE | |
r-devel-linux-x86_64-debian-gcc | 1.4.3 | 1.86 | 18.72 | 20.58 | NOTE | |
r-devel-linux-x86_64-fedora-clang | 1.4.3 | 38.38 | OK | |||
r-devel-linux-x86_64-fedora-gcc | 1.4.3 | 36.02 | OK | |||
r-devel-windows-x86_64 | 1.4.3 | 4.00 | 48.00 | 52.00 | OK | |
r-patched-linux-x86_64 | 1.4.3 | 2.79 | 20.68 | 23.47 | OK | |
r-release-linux-x86_64 | OK | |||||
r-release-macos-arm64 | 1.4.3 | 18.00 | OK | |||
r-release-macos-x86_64 | 1.4.3 | 27.00 | OK | |||
r-release-windows-x86_64 | 1.4.3 | 4.00 | 49.00 | 53.00 | OK | |
r-oldrel-macos-arm64 | 1.4.3 | 17.00 | OK | |||
r-oldrel-macos-x86_64 | 1.4.3 | 23.00 | OK | |||
r-oldrel-windows-x86_64 | 1.4.3 | 4.00 | 45.00 | 49.00 | OK |
Version: 1.4.3
Check: CRAN incoming feasibility
Result: NOTE
Maintainer: ‘Brian Lee Yung Rowe <r@zatonovo.com>’
No Authors@R field in DESCRIPTION.
Please add one, modifying
Authors@R: person(given = c("Brian", "Lee", "Yung"),
family = "Rowe",
role = c("aut", "cre"),
email = "r@zatonovo.com")
as necessary.
Flavors: r-devel-linux-x86_64-debian-clang, r-devel-linux-x86_64-debian-gcc
These binaries (installable software) and packages are in development.
They may not be fully stable and should be used with caution. We make no claims about them.