Last updated on 2025-10-23 17:50:48 CEST.
| Flavor | Version | Tinstall | Tcheck | Ttotal | Status | Flags |
|---|---|---|---|---|---|---|
| r-devel-linux-x86_64-debian-clang | 1.4.3 | 2.56 | 24.47 | 27.03 | NOTE | |
| r-devel-linux-x86_64-debian-gcc | 1.4.3 | 2.02 | 19.98 | 22.00 | NOTE | |
| r-devel-linux-x86_64-fedora-clang | 1.4.3 | 39.39 | OK | |||
| r-devel-linux-x86_64-fedora-gcc | 1.4.3 | 37.34 | OK | |||
| r-devel-windows-x86_64 | 1.4.3 | 4.00 | 43.00 | 47.00 | OK | |
| r-patched-linux-x86_64 | 1.4.3 | 2.58 | 21.94 | 24.52 | OK | |
| r-release-linux-x86_64 | 1.4.3 | 1.93 | 22.41 | 24.34 | OK | |
| r-release-macos-arm64 | 1.4.3 | 2.00 | 16.00 | 18.00 | OK | |
| r-release-macos-x86_64 | 1.4.3 | 2.00 | 25.00 | 27.00 | OK | |
| r-release-windows-x86_64 | 1.4.3 | 4.00 | 45.00 | 49.00 | OK | |
| r-oldrel-macos-arm64 | 1.4.3 | 1.00 | 16.00 | 17.00 | OK | |
| r-oldrel-macos-x86_64 | 1.4.3 | 2.00 | 21.00 | 23.00 | OK | |
| r-oldrel-windows-x86_64 | 1.4.3 | 5.00 | 49.00 | 54.00 | OK |
Version: 1.4.3
Check: CRAN incoming feasibility
Result: NOTE
Maintainer: ‘Brian Lee Yung Rowe <r@zatonovo.com>’
No Authors@R field in DESCRIPTION.
Please add one, modifying
Authors@R: person(given = c("Brian", "Lee", "Yung"),
family = "Rowe",
role = c("aut", "cre"),
email = "r@zatonovo.com")
as necessary.
Flavors: r-devel-linux-x86_64-debian-clang, r-devel-linux-x86_64-debian-gcc
These binaries (installable software) and packages are in development.
They may not be fully stable and should be used with caution. We make no claims about them.