Last updated on 2025-05-01 17:56:03 CEST.
Flavor | Version | Tinstall | Tcheck | Ttotal | Status | Flags |
---|---|---|---|---|---|---|
r-devel-linux-x86_64-debian-clang | 1.0.1 | 1.40 | 16.55 | 17.95 | NOTE | |
r-devel-linux-x86_64-debian-gcc | 1.0.1 | 1.16 | 13.67 | 14.83 | NOTE | |
r-devel-linux-x86_64-fedora-clang | 1.0.1 | 27.64 | OK | |||
r-devel-linux-x86_64-fedora-gcc | 1.0.1 | 26.24 | OK | |||
r-devel-windows-x86_64 | 1.0.1 | 2.00 | 34.00 | 36.00 | OK | |
r-patched-linux-x86_64 | 1.0.1 | 1.49 | 16.18 | 17.67 | OK | |
r-release-linux-x86_64 | OK | |||||
r-release-macos-arm64 | 1.0.1 | 18.00 | OK | |||
r-release-macos-x86_64 | 1.0.1 | 20.00 | OK | |||
r-release-windows-x86_64 | 1.0.1 | 4.00 | 36.00 | 40.00 | OK | |
r-oldrel-macos-arm64 | 1.0.1 | 18.00 | OK | |||
r-oldrel-macos-x86_64 | 1.0.1 | 19.00 | OK | |||
r-oldrel-windows-x86_64 | 1.0.1 | 3.00 | 34.00 | 37.00 | OK |
Version: 1.0.1
Check: CRAN incoming feasibility
Result: NOTE
Maintainer: ‘Brian Lee Yung Rowe <r@zatonovo.com>’
No Authors@R field in DESCRIPTION.
Please add one, modifying
Authors@R: person(given = c("Brian", "Lee", "Yung"),
family = "Rowe",
role = c("aut", "cre"),
email = "r@zatonovo.com")
as necessary.
Flavors: r-devel-linux-x86_64-debian-clang, r-devel-linux-x86_64-debian-gcc
These binaries (installable software) and packages are in development.
They may not be fully stable and should be used with caution. We make no claims about them.