Last updated on 2025-10-23 15:49:55 CEST.
Flavor | Version | Tinstall | Tcheck | Ttotal | Status | Flags |
---|---|---|---|---|---|---|
r-devel-linux-x86_64-debian-clang | 0.21.0 | 6.48 | 266.19 | 272.67 | NOTE | |
r-devel-linux-x86_64-debian-gcc | 0.21.0 | 4.09 | 186.81 | 190.90 | OK | |
r-devel-linux-x86_64-fedora-clang | 0.21.0 | 20.00 | 407.93 | 427.93 | OK | |
r-devel-linux-x86_64-fedora-gcc | 0.21.0 | 12.00 | 443.80 | 455.80 | OK | |
r-devel-windows-x86_64 | 0.21.0 | 9.00 | 253.00 | 262.00 | OK | |
r-patched-linux-x86_64 | 0.21.0 | 6.19 | 242.12 | 248.31 | OK | |
r-release-linux-x86_64 | 0.21.0 | 5.26 | 243.49 | 248.75 | OK | |
r-release-macos-arm64 | 0.21.0 | 3.00 | 150.00 | 153.00 | OK | |
r-release-macos-x86_64 | 0.21.0 | 5.00 | 271.00 | 276.00 | OK | |
r-release-windows-x86_64 | 0.21.0 | 9.00 | 261.00 | 270.00 | OK | |
r-oldrel-macos-arm64 | 0.21.0 | 3.00 | 161.00 | 164.00 | OK | |
r-oldrel-macos-x86_64 | 0.21.0 | 6.00 | 281.00 | 287.00 | OK | |
r-oldrel-windows-x86_64 | 0.21.0 | 12.00 | 320.00 | 332.00 | OK |
Version: 0.21.0
Check: HTML version of manual
Result: NOTE
Found the following HTML validation problems:
BatchtoolsFutureError.html:46:1 (BatchtoolsFutureError.Rd:10): Warning: missing </ul> before </div>
grapes-resources-grapes.html:53:1 (grapes-resources-grapes.Rd:15): Warning: missing </ul> before </div>
print.BatchtoolsFuture.html:51:1 (print.BatchtoolsFuture.Rd:12): Warning: missing </ul> before </div>
Flavor: r-devel-linux-x86_64-debian-clang
These binaries (installable software) and packages are in development.
They may not be fully stable and should be used with caution. We make no claims about them.