CRAN Package Check Results for Package future.batchtools

Last updated on 2025-02-16 10:50:46 CET.

Flavor Version Tinstall Tcheck Ttotal Status Flags
r-devel-linux-x86_64-debian-clang 0.12.1 5.71 273.28 278.99 NOTE
r-devel-linux-x86_64-debian-gcc 0.12.1 3.54 193.80 197.34 NOTE
r-devel-linux-x86_64-fedora-clang 0.12.1 430.71 OK
r-devel-linux-x86_64-fedora-gcc 0.12.1 460.92 OK
r-devel-macos-arm64 0.12.1 164.00 OK
r-devel-macos-x86_64 0.12.1 319.00 OK
r-devel-windows-x86_64 0.12.1 8.00 274.00 282.00 NOTE
r-patched-linux-x86_64 0.12.1 8.14 248.03 256.17 OK
r-release-linux-x86_64 0.12.1 4.59 246.86 251.45 OK
r-release-macos-arm64 0.12.1 152.00 OK
r-release-macos-x86_64 0.12.1 229.00 OK
r-release-windows-x86_64 0.12.1 6.00 276.00 282.00 OK
r-oldrel-macos-arm64 0.12.1 173.00 OK
r-oldrel-macos-x86_64 0.12.1 319.00 OK
r-oldrel-windows-x86_64 0.12.1 9.00 324.00 333.00 OK

Check Details

Version: 0.12.1
Check: Rd cross-references
Result: NOTE Found the following Rd file(s) with Rd \link{} targets missing package anchors: nbrOfWorkers.batchtools.Rd: plan Please provide package anchors for all Rd \link{} targets not in the package itself and the base packages. Flavors: r-devel-linux-x86_64-debian-clang, r-devel-linux-x86_64-debian-gcc, r-devel-windows-x86_64

These binaries (installable software) and packages are in development.
They may not be fully stable and should be used with caution. We make no claims about them.