Last updated on 2025-05-08 04:52:05 CEST.
Flavor | Version | Tinstall | Tcheck | Ttotal | Status | Flags |
---|---|---|---|---|---|---|
r-devel-linux-x86_64-debian-clang | 0.12.1 | 5.08 | 271.72 | 276.80 | NOTE | |
r-devel-linux-x86_64-debian-gcc | 0.12.1 | 3.74 | 198.66 | 202.40 | NOTE | |
r-devel-linux-x86_64-fedora-clang | 0.12.1 | 450.89 | OK | |||
r-devel-linux-x86_64-fedora-gcc | 0.12.1 | 505.02 | OK | |||
r-devel-windows-x86_64 | 0.12.1 | 7.00 | 273.00 | 280.00 | NOTE | |
r-patched-linux-x86_64 | 0.12.1 | 5.39 | 256.08 | 261.47 | NOTE | |
r-release-linux-x86_64 | 0.12.1 | 5.12 | 256.41 | 261.53 | NOTE | |
r-release-macos-arm64 | 0.12.1 | 202.00 | OK | |||
r-release-macos-x86_64 | 0.12.1 | 333.00 | OK | |||
r-release-windows-x86_64 | 0.12.1 | 8.00 | 276.00 | 284.00 | NOTE | |
r-oldrel-macos-arm64 | 0.12.1 | 152.00 | OK | |||
r-oldrel-macos-x86_64 | 0.12.1 | 229.00 | OK | |||
r-oldrel-windows-x86_64 | 0.12.1 | 8.00 | 328.00 | 336.00 | OK |
Version: 0.12.1
Check: Rd cross-references
Result: NOTE
Found the following Rd file(s) with Rd \link{} targets missing package
anchors:
nbrOfWorkers.batchtools.Rd: plan
Please provide package anchors for all Rd \link{} targets not in the
package itself and the base packages.
Flavors: r-devel-linux-x86_64-debian-clang, r-devel-linux-x86_64-debian-gcc, r-devel-windows-x86_64, r-patched-linux-x86_64, r-release-linux-x86_64, r-release-windows-x86_64
These binaries (installable software) and packages are in development.
They may not be fully stable and should be used with caution. We make no claims about them.