CRAN Package Check Results for Package fuzzr

Last updated on 2025-11-13 01:50:21 CET.

Flavor Version Tinstall Tcheck Ttotal Status Flags
r-devel-linux-x86_64-debian-clang 0.2.2 1.53 41.65 43.18 OK
r-devel-linux-x86_64-debian-gcc 0.2.2 1.58 29.99 31.57 OK
r-devel-linux-x86_64-fedora-clang 0.2.2 64.28 OK
r-devel-linux-x86_64-fedora-gcc 0.2.2 76.90 OK
r-devel-windows-x86_64 0.2.2 4.00 55.00 59.00 OK
r-patched-linux-x86_64 0.2.2 2.03 38.47 40.50 OK
r-release-linux-x86_64 0.2.2 1.65 38.53 40.18 OK
r-release-macos-arm64 0.2.2 2.00 35.00 37.00 OK
r-release-macos-x86_64 0.2.2 2.00 61.00 63.00 OK
r-release-windows-x86_64 0.2.2 3.00 55.00 58.00 OK
r-oldrel-macos-arm64 0.2.2 1.00 25.00 26.00 NOTE
r-oldrel-macos-x86_64 0.2.2 2.00 40.00 42.00 NOTE
r-oldrel-windows-x86_64 0.2.2 5.00 65.00 70.00 NOTE

Check Details

Version: 0.2.2
Check: LazyData
Result: NOTE 'LazyData' is specified without a 'data' directory Flavors: r-oldrel-macos-arm64, r-oldrel-macos-x86_64, r-oldrel-windows-x86_64

These binaries (installable software) and packages are in development.
They may not be fully stable and should be used with caution. We make no claims about them.